{"id":22909,"date":"2023-03-24T09:24:33","date_gmt":"2023-03-24T08:24:33","guid":{"rendered":"https:\/\/www.modula.eu\/produkte\/vertikale-loesungen\/magazzino-automatico-modula-pallet\/"},"modified":"2025-03-04T12:14:25","modified_gmt":"2025-03-04T11:14:25","slug":"automatisches-lagersystem-modula-pallet","status":"publish","type":"page","link":"https:\/\/www.modula.eu\/de\/automatische-vertikale-lagerung\/automatisches-lagersystem-modula-pallet\/","title":{"rendered":"Modula Pallet"},"content":{"rendered":"","protected":false},"excerpt":{"rendered":"","protected":false},"author":2,"featured_media":21867,"parent":8038,"menu_order":4,"comment_status":"closed","ping_status":"closed","template":"product-single.php","meta":{"_acf_changed":false,"inline_featured_image":false,"mapsvg_location":"","footnotes":""},"class_list":["post-22909","page","type-page","status-publish","has-post-thumbnail","hentry"],"acf":[],"yoast_head":"<!-- This site is optimized with the Yoast SEO plugin v27.4 - https:\/\/yoast.com\/product\/yoast-seo-wordpress\/ -->\n<title>Modula Pallet: Automatisches Palettenlager f\u00fcr mehr Lagerfl\u00e4che | Modula<\/title>\n<meta name=\"description\" content=\"Mehr Lagerkapazit\u00e4t mit Modula Pallet: Optimieren Sie Ihr Lagermanagementmit unserem vertikalen Palettenlager - sicher, ergonomisch und effizient.\" \/>\n<meta name=\"robots\" content=\"index, follow, max-snippet:-1, max-image-preview:large, max-video-preview:-1\" \/>\n<link rel=\"canonical\" href=\"https:\/\/www.modula.eu\/de\/automatische-vertikale-lagerung\/automatisches-lagersystem-modula-pallet\/\" \/>\n<meta property=\"og:locale\" content=\"de_DE\" \/>\n<meta property=\"og:type\" content=\"article\" \/>\n<meta property=\"og:title\" content=\"Modula Pallet: Automatisches Palettenlager f\u00fcr mehr Lagerfl\u00e4che | Modula\" \/>\n<meta property=\"og:description\" content=\"Mehr Lagerkapazit\u00e4t mit Modula Pallet: Optimieren Sie Ihr Lagermanagementmit unserem vertikalen Palettenlager - sicher, ergonomisch und effizient.\" \/>\n<meta property=\"og:url\" content=\"https:\/\/www.modula.eu\/de\/automatische-vertikale-lagerung\/automatisches-lagersystem-modula-pallet\/\" \/>\n<meta property=\"og:site_name\" content=\"Modula\" \/>\n<meta property=\"article:modified_time\" content=\"2025-03-04T11:14:25+00:00\" \/>\n<meta property=\"og:image\" content=\"https:\/\/www.modula.eu\/wp-content\/uploads\/2023\/03\/modula-pallet-3.jpg\" \/>\n\t<meta property=\"og:image:width\" content=\"591\" \/>\n\t<meta property=\"og:image:height\" content=\"800\" \/>\n\t<meta property=\"og:image:type\" content=\"image\/jpeg\" \/>\n<meta name=\"twitter:card\" content=\"summary_large_image\" \/>\n<script type=\"application\/ld+json\" class=\"yoast-schema-graph\">{\"@context\":\"https:\\\/\\\/schema.org\",\"@graph\":[{\"@type\":\"WebPage\",\"@id\":\"https:\\\/\\\/www.modula.eu\\\/de\\\/automatische-vertikale-lagerung\\\/automatisches-lagersystem-modula-pallet\\\/\",\"url\":\"https:\\\/\\\/www.modula.eu\\\/de\\\/automatische-vertikale-lagerung\\\/automatisches-lagersystem-modula-pallet\\\/\",\"name\":\"Modula Pallet: Automatisches Palettenlager f\u00fcr mehr Lagerfl\u00e4che | Modula\",\"isPartOf\":{\"@id\":\"https:\\\/\\\/www.modula.eu\\\/de\\\/#website\"},\"primaryImageOfPage\":{\"@id\":\"https:\\\/\\\/www.modula.eu\\\/de\\\/automatische-vertikale-lagerung\\\/automatisches-lagersystem-modula-pallet\\\/#primaryimage\"},\"image\":{\"@id\":\"https:\\\/\\\/www.modula.eu\\\/de\\\/automatische-vertikale-lagerung\\\/automatisches-lagersystem-modula-pallet\\\/#primaryimage\"},\"thumbnailUrl\":\"https:\\\/\\\/www.modula.eu\\\/wp-content\\\/uploads\\\/2023\\\/03\\\/modula-pallet-3.jpg\",\"datePublished\":\"2023-03-24T08:24:33+00:00\",\"dateModified\":\"2025-03-04T11:14:25+00:00\",\"description\":\"Mehr Lagerkapazit\u00e4t mit Modula Pallet: Optimieren Sie Ihr Lagermanagementmit unserem vertikalen Palettenlager - sicher, ergonomisch und effizient.\",\"breadcrumb\":{\"@id\":\"https:\\\/\\\/www.modula.eu\\\/de\\\/automatische-vertikale-lagerung\\\/automatisches-lagersystem-modula-pallet\\\/#breadcrumb\"},\"inLanguage\":\"de\",\"potentialAction\":[{\"@type\":\"ReadAction\",\"target\":[\"https:\\\/\\\/www.modula.eu\\\/de\\\/automatische-vertikale-lagerung\\\/automatisches-lagersystem-modula-pallet\\\/\"]}]},{\"@type\":\"ImageObject\",\"inLanguage\":\"de\",\"@id\":\"https:\\\/\\\/www.modula.eu\\\/de\\\/automatische-vertikale-lagerung\\\/automatisches-lagersystem-modula-pallet\\\/#primaryimage\",\"url\":\"https:\\\/\\\/www.modula.eu\\\/wp-content\\\/uploads\\\/2023\\\/03\\\/modula-pallet-3.jpg\",\"contentUrl\":\"https:\\\/\\\/www.modula.eu\\\/wp-content\\\/uploads\\\/2023\\\/03\\\/modula-pallet-3.jpg\",\"width\":591,\"height\":800},{\"@type\":\"BreadcrumbList\",\"@id\":\"https:\\\/\\\/www.modula.eu\\\/de\\\/automatische-vertikale-lagerung\\\/automatisches-lagersystem-modula-pallet\\\/#breadcrumb\",\"itemListElement\":[{\"@type\":\"ListItem\",\"position\":1,\"name\":\"Home\",\"item\":\"https:\\\/\\\/www.modula.eu\\\/de\\\/\"},{\"@type\":\"ListItem\",\"position\":2,\"name\":\"Produkte\",\"item\":\"https:\\\/\\\/www.modula.eu\\\/de\\\/lagersysteme\\\/\"},{\"@type\":\"ListItem\",\"position\":3,\"name\":\"Automatische vertikale l\u00f6sungen\",\"item\":\"https:\\\/\\\/www.modula.eu\\\/de\\\/automatische-vertikale-lagerung\\\/\"},{\"@type\":\"ListItem\",\"position\":4,\"name\":\"Modula Pallet\"}]},{\"@type\":\"WebSite\",\"@id\":\"https:\\\/\\\/www.modula.eu\\\/de\\\/#website\",\"url\":\"https:\\\/\\\/www.modula.eu\\\/de\\\/\",\"name\":\"Modula\",\"description\":\"Think Vertical\",\"publisher\":{\"@id\":\"https:\\\/\\\/www.modula.eu\\\/de\\\/#organization\"},\"potentialAction\":[{\"@type\":\"SearchAction\",\"target\":{\"@type\":\"EntryPoint\",\"urlTemplate\":\"https:\\\/\\\/www.modula.eu\\\/de\\\/?s={search_term_string}\"},\"query-input\":{\"@type\":\"PropertyValueSpecification\",\"valueRequired\":true,\"valueName\":\"search_term_string\"}}],\"inLanguage\":\"de\"},{\"@type\":\"Organization\",\"@id\":\"https:\\\/\\\/www.modula.eu\\\/de\\\/#organization\",\"name\":\"Modula\",\"url\":\"https:\\\/\\\/www.modula.eu\\\/de\\\/\",\"logo\":{\"@type\":\"ImageObject\",\"inLanguage\":\"de\",\"@id\":\"https:\\\/\\\/www.modula.eu\\\/de\\\/#\\\/schema\\\/logo\\\/image\\\/\",\"url\":\"https:\\\/\\\/www.modula.eu\\\/wp-content\\\/uploads\\\/2022\\\/12\\\/Modula-logo.jpg\",\"contentUrl\":\"https:\\\/\\\/www.modula.eu\\\/wp-content\\\/uploads\\\/2022\\\/12\\\/Modula-logo.jpg\",\"width\":759,\"height\":512,\"caption\":\"Modula\"},\"image\":{\"@id\":\"https:\\\/\\\/www.modula.eu\\\/de\\\/#\\\/schema\\\/logo\\\/image\\\/\"}}]}<\/script>\n<!-- \/ Yoast SEO plugin. -->","yoast_head_json":{"title":"Modula Pallet: Automatisches Palettenlager f\u00fcr mehr Lagerfl\u00e4che | Modula","description":"Mehr Lagerkapazit\u00e4t mit Modula Pallet: Optimieren Sie Ihr Lagermanagementmit unserem vertikalen Palettenlager - sicher, ergonomisch und effizient.","robots":{"index":"index","follow":"follow","max-snippet":"max-snippet:-1","max-image-preview":"max-image-preview:large","max-video-preview":"max-video-preview:-1"},"canonical":"https:\/\/www.modula.eu\/de\/automatische-vertikale-lagerung\/automatisches-lagersystem-modula-pallet\/","og_locale":"de_DE","og_type":"article","og_title":"Modula Pallet: Automatisches Palettenlager f\u00fcr mehr Lagerfl\u00e4che | Modula","og_description":"Mehr Lagerkapazit\u00e4t mit Modula Pallet: Optimieren Sie Ihr Lagermanagementmit unserem vertikalen Palettenlager - sicher, ergonomisch und effizient.","og_url":"https:\/\/www.modula.eu\/de\/automatische-vertikale-lagerung\/automatisches-lagersystem-modula-pallet\/","og_site_name":"Modula","article_modified_time":"2025-03-04T11:14:25+00:00","og_image":[{"width":591,"height":800,"url":"https:\/\/www.modula.eu\/wp-content\/uploads\/2023\/03\/modula-pallet-3.jpg","type":"image\/jpeg"}],"twitter_card":"summary_large_image","schema":{"@context":"https:\/\/schema.org","@graph":[{"@type":"WebPage","@id":"https:\/\/www.modula.eu\/de\/automatische-vertikale-lagerung\/automatisches-lagersystem-modula-pallet\/","url":"https:\/\/www.modula.eu\/de\/automatische-vertikale-lagerung\/automatisches-lagersystem-modula-pallet\/","name":"Modula Pallet: Automatisches Palettenlager f\u00fcr mehr Lagerfl\u00e4che | Modula","isPartOf":{"@id":"https:\/\/www.modula.eu\/de\/#website"},"primaryImageOfPage":{"@id":"https:\/\/www.modula.eu\/de\/automatische-vertikale-lagerung\/automatisches-lagersystem-modula-pallet\/#primaryimage"},"image":{"@id":"https:\/\/www.modula.eu\/de\/automatische-vertikale-lagerung\/automatisches-lagersystem-modula-pallet\/#primaryimage"},"thumbnailUrl":"https:\/\/www.modula.eu\/wp-content\/uploads\/2023\/03\/modula-pallet-3.jpg","datePublished":"2023-03-24T08:24:33+00:00","dateModified":"2025-03-04T11:14:25+00:00","description":"Mehr Lagerkapazit\u00e4t mit Modula Pallet: Optimieren Sie Ihr Lagermanagementmit unserem vertikalen Palettenlager - sicher, ergonomisch und effizient.","breadcrumb":{"@id":"https:\/\/www.modula.eu\/de\/automatische-vertikale-lagerung\/automatisches-lagersystem-modula-pallet\/#breadcrumb"},"inLanguage":"de","potentialAction":[{"@type":"ReadAction","target":["https:\/\/www.modula.eu\/de\/automatische-vertikale-lagerung\/automatisches-lagersystem-modula-pallet\/"]}]},{"@type":"ImageObject","inLanguage":"de","@id":"https:\/\/www.modula.eu\/de\/automatische-vertikale-lagerung\/automatisches-lagersystem-modula-pallet\/#primaryimage","url":"https:\/\/www.modula.eu\/wp-content\/uploads\/2023\/03\/modula-pallet-3.jpg","contentUrl":"https:\/\/www.modula.eu\/wp-content\/uploads\/2023\/03\/modula-pallet-3.jpg","width":591,"height":800},{"@type":"BreadcrumbList","@id":"https:\/\/www.modula.eu\/de\/automatische-vertikale-lagerung\/automatisches-lagersystem-modula-pallet\/#breadcrumb","itemListElement":[{"@type":"ListItem","position":1,"name":"Home","item":"https:\/\/www.modula.eu\/de\/"},{"@type":"ListItem","position":2,"name":"Produkte","item":"https:\/\/www.modula.eu\/de\/lagersysteme\/"},{"@type":"ListItem","position":3,"name":"Automatische vertikale l\u00f6sungen","item":"https:\/\/www.modula.eu\/de\/automatische-vertikale-lagerung\/"},{"@type":"ListItem","position":4,"name":"Modula Pallet"}]},{"@type":"WebSite","@id":"https:\/\/www.modula.eu\/de\/#website","url":"https:\/\/www.modula.eu\/de\/","name":"Modula","description":"Think Vertical","publisher":{"@id":"https:\/\/www.modula.eu\/de\/#organization"},"potentialAction":[{"@type":"SearchAction","target":{"@type":"EntryPoint","urlTemplate":"https:\/\/www.modula.eu\/de\/?s={search_term_string}"},"query-input":{"@type":"PropertyValueSpecification","valueRequired":true,"valueName":"search_term_string"}}],"inLanguage":"de"},{"@type":"Organization","@id":"https:\/\/www.modula.eu\/de\/#organization","name":"Modula","url":"https:\/\/www.modula.eu\/de\/","logo":{"@type":"ImageObject","inLanguage":"de","@id":"https:\/\/www.modula.eu\/de\/#\/schema\/logo\/image\/","url":"https:\/\/www.modula.eu\/wp-content\/uploads\/2022\/12\/Modula-logo.jpg","contentUrl":"https:\/\/www.modula.eu\/wp-content\/uploads\/2022\/12\/Modula-logo.jpg","width":759,"height":512,"caption":"Modula"},"image":{"@id":"https:\/\/www.modula.eu\/de\/#\/schema\/logo\/image\/"}}]}},"_links":{"self":[{"href":"https:\/\/www.modula.eu\/de\/wp-json\/wp\/v2\/pages\/22909","targetHints":{"allow":["GET"]}}],"collection":[{"href":"https:\/\/www.modula.eu\/de\/wp-json\/wp\/v2\/pages"}],"about":[{"href":"https:\/\/www.modula.eu\/de\/wp-json\/wp\/v2\/types\/page"}],"author":[{"embeddable":true,"href":"https:\/\/www.modula.eu\/de\/wp-json\/wp\/v2\/users\/2"}],"replies":[{"embeddable":true,"href":"https:\/\/www.modula.eu\/de\/wp-json\/wp\/v2\/comments?post=22909"}],"version-history":[{"count":0,"href":"https:\/\/www.modula.eu\/de\/wp-json\/wp\/v2\/pages\/22909\/revisions"}],"up":[{"embeddable":true,"href":"https:\/\/www.modula.eu\/de\/wp-json\/wp\/v2\/pages\/8038"}],"wp:featuredmedia":[{"embeddable":true,"href":"https:\/\/www.modula.eu\/de\/wp-json\/wp\/v2\/media\/21867"}],"wp:attachment":[{"href":"https:\/\/www.modula.eu\/de\/wp-json\/wp\/v2\/media?parent=22909"}],"curies":[{"name":"wp","href":"https:\/\/api.w.org\/{rel}","templated":true}]}}

<!-- This site is optimized with the Yoast SEO plugin v27.4 - https://yoast.com/product/yoast-seo-wordpress/ -->
<title>Modula Pallet: Automatisches Palettenlager für mehr Lagerfläche | Modula</title>
<meta name="description" content="Mehr Lagerkapazität mit Modula Pallet: Optimieren Sie Ihr Lagermanagementmit unserem vertikalen Palettenlager - sicher, ergonomisch und effizient." />
<meta name="robots" content="index, follow, max-snippet:-1, max-image-preview:large, max-video-preview:-1" />
<link rel="canonical" href="https://www.modula.eu/de/automatische-vertikale-lagerung/automatisches-lagersystem-modula-pallet/" />
<meta property="og:locale" content="de_DE" />
<meta property="og:type" content="article" />
<meta property="og:title" content="Modula Pallet: Automatisches Palettenlager für mehr Lagerfläche | Modula" />
<meta property="og:description" content="Mehr Lagerkapazität mit Modula Pallet: Optimieren Sie Ihr Lagermanagementmit unserem vertikalen Palettenlager - sicher, ergonomisch und effizient." />
<meta property="og:url" content="https://www.modula.eu/de/automatische-vertikale-lagerung/automatisches-lagersystem-modula-pallet/" />
<meta property="og:site_name" content="Modula" />
<meta property="article:modified_time" content="2025-03-04T11:14:25+00:00" />
<meta property="og:image" content="https://www.modula.eu/wp-content/uploads/2023/03/modula-pallet-3.jpg" />
	<meta property="og:image:width" content="591" />
	<meta property="og:image:height" content="800" />
	<meta property="og:image:type" content="image/jpeg" />
<meta name="twitter:card" content="summary_large_image" />
<script type="application/ld+json" class="yoast-schema-graph">{"@context":"https:\/\/schema.org","@graph":[{"@type":"WebPage","@id":"https:\/\/www.modula.eu\/de\/automatische-vertikale-lagerung\/automatisches-lagersystem-modula-pallet\/","url":"https:\/\/www.modula.eu\/de\/automatische-vertikale-lagerung\/automatisches-lagersystem-modula-pallet\/","name":"Modula Pallet: Automatisches Palettenlager für mehr Lagerfläche | Modula","isPartOf":{"@id":"https:\/\/www.modula.eu\/de\/#website"},"primaryImageOfPage":{"@id":"https:\/\/www.modula.eu\/de\/automatische-vertikale-lagerung\/automatisches-lagersystem-modula-pallet\/#primaryimage"},"image":{"@id":"https:\/\/www.modula.eu\/de\/automatische-vertikale-lagerung\/automatisches-lagersystem-modula-pallet\/#primaryimage"},"thumbnailUrl":"https:\/\/www.modula.eu\/wp-content\/uploads\/2023\/03\/modula-pallet-3.jpg","datePublished":"2023-03-24T08:24:33+00:00","dateModified":"2025-03-04T11:14:25+00:00","description":"Mehr Lagerkapazität mit Modula Pallet: Optimieren Sie Ihr Lagermanagementmit unserem vertikalen Palettenlager - sicher, ergonomisch und effizient.","breadcrumb":{"@id":"https:\/\/www.modula.eu\/de\/automatische-vertikale-lagerung\/automatisches-lagersystem-modula-pallet\/#breadcrumb"},"inLanguage":"de","potentialAction":[{"@type":"ReadAction","target":["https:\/\/www.modula.eu\/de\/automatische-vertikale-lagerung\/automatisches-lagersystem-modula-pallet\/"]}]},{"@type":"ImageObject","inLanguage":"de","@id":"https:\/\/www.modula.eu\/de\/automatische-vertikale-lagerung\/automatisches-lagersystem-modula-pallet\/#primaryimage","url":"https:\/\/www.modula.eu\/wp-content\/uploads\/2023\/03\/modula-pallet-3.jpg","contentUrl":"https:\/\/www.modula.eu\/wp-content\/uploads\/2023\/03\/modula-pallet-3.jpg","width":591,"height":800},{"@type":"BreadcrumbList","@id":"https:\/\/www.modula.eu\/de\/automatische-vertikale-lagerung\/automatisches-lagersystem-modula-pallet\/#breadcrumb","itemListElement":[{"@type":"ListItem","position":1,"name":"Home","item":"https:\/\/www.modula.eu\/de\/"},{"@type":"ListItem","position":2,"name":"Produkte","item":"https:\/\/www.modula.eu\/de\/lagersysteme\/"},{"@type":"ListItem","position":3,"name":"Automatische vertikale lösungen","item":"https:\/\/www.modula.eu\/de\/automatische-vertikale-lagerung\/"},{"@type":"ListItem","position":4,"name":"Modula Pallet"}]},{"@type":"WebSite","@id":"https:\/\/www.modula.eu\/de\/#website","url":"https:\/\/www.modula.eu\/de\/","name":"Modula","description":"Think Vertical","publisher":{"@id":"https:\/\/www.modula.eu\/de\/#organization"},"potentialAction":[{"@type":"SearchAction","target":{"@type":"EntryPoint","urlTemplate":"https:\/\/www.modula.eu\/de\/?s={search_term_string}"},"query-input":{"@type":"PropertyValueSpecification","valueRequired":true,"valueName":"search_term_string"}}],"inLanguage":"de"},{"@type":"Organization","@id":"https:\/\/www.modula.eu\/de\/#organization","name":"Modula","url":"https:\/\/www.modula.eu\/de\/","logo":{"@type":"ImageObject","inLanguage":"de","@id":"https:\/\/www.modula.eu\/de\/#\/schema\/logo\/image\/","url":"https:\/\/www.modula.eu\/wp-content\/uploads\/2022\/12\/Modula-logo.jpg","contentUrl":"https:\/\/www.modula.eu\/wp-content\/uploads\/2022\/12\/Modula-logo.jpg","width":759,"height":512,"caption":"Modula"},"image":{"@id":"https:\/\/www.modula.eu\/de\/#\/schema\/logo\/image\/"}}]}</script>
<!-- / Yoast SEO plugin. -->

Modula Pallet: Automatisches Palettenlager für mehr Lagerfläche | Modula

Mehr Lagerkapazität mit Modula Pallet: Optimieren Sie Ihr Lagermanagementmit unserem vertikalen Palettenlager - sicher, ergonomisch und effizient.

Automatische vertikale lösungen
