{"id":7975,"date":"2022-06-16T13:42:23","date_gmt":"2022-06-16T11:42:23","guid":{"rendered":"https:\/\/www.modula.eu\/rete-vendita\/"},"modified":"2026-04-23T15:00:05","modified_gmt":"2026-04-23T13:00:05","slug":"vertriebsnetz","status":"publish","type":"page","link":"https:\/\/www.modula.eu\/de\/unternehmen\/vertriebsnetz\/","title":{"rendered":"Vertriebsnetz"},"content":{"rendered":"","protected":false},"excerpt":{"rendered":"","protected":false},"author":1,"featured_media":0,"parent":0,"menu_order":26,"comment_status":"closed","ping_status":"closed","template":"","meta":{"_acf_changed":false,"inline_featured_image":false,"mapsvg_location":"","footnotes":""},"class_list":["post-7975","page","type-page","status-publish","hentry"],"acf":[],"yoast_head":"<!-- This site is optimized with the Yoast SEO plugin v27.4 - https:\/\/yoast.com\/product\/yoast-seo-wordpress\/ -->\n<title>Vertriebsnetz | Modula<\/title>\n<meta name=\"description\" content=\"Die St\u00e4rke von Modula basiert auf der Exzellenz der Produkte, aber auch auf der St\u00e4rke des Netzwerks.Es gibt viele internationale Unternehmen, die sich daf\u00fcr entschieden haben, H\u00e4ndler unserer Marke zu werden, in ihre L\u00e4nder zu exportieren und ihren Kundenstamm anzubieten.\" \/>\n<meta name=\"robots\" content=\"index, follow, max-snippet:-1, max-image-preview:large, max-video-preview:-1\" \/>\n<link rel=\"canonical\" href=\"https:\/\/www.modula.eu\/de\/unternehmen\/vertriebsnetz\/\" \/>\n<meta property=\"og:locale\" content=\"de_DE\" \/>\n<meta property=\"og:type\" content=\"article\" \/>\n<meta property=\"og:title\" content=\"Vertriebsnetz | Modula\" \/>\n<meta property=\"og:description\" content=\"Die St\u00e4rke von Modula basiert auf der Exzellenz der Produkte, aber auch auf der St\u00e4rke des Netzwerks.Es gibt viele internationale Unternehmen, die sich daf\u00fcr entschieden haben, H\u00e4ndler unserer Marke zu werden, in ihre L\u00e4nder zu exportieren und ihren Kundenstamm anzubieten.\" \/>\n<meta property=\"og:url\" content=\"https:\/\/www.modula.eu\/de\/unternehmen\/vertriebsnetz\/\" \/>\n<meta property=\"og:site_name\" content=\"Modula\" \/>\n<meta property=\"article:modified_time\" content=\"2026-04-23T13:00:05+00:00\" \/>\n<meta name=\"twitter:card\" content=\"summary_large_image\" \/>\n<script type=\"application\/ld+json\" class=\"yoast-schema-graph\">{\"@context\":\"https:\\\/\\\/schema.org\",\"@graph\":[{\"@type\":\"WebPage\",\"@id\":\"https:\\\/\\\/www.modula.eu\\\/de\\\/unternehmen\\\/vertriebsnetz\\\/\",\"url\":\"https:\\\/\\\/www.modula.eu\\\/de\\\/unternehmen\\\/vertriebsnetz\\\/\",\"name\":\"Vertriebsnetz | Modula\",\"isPartOf\":{\"@id\":\"https:\\\/\\\/www.modula.eu\\\/de\\\/#website\"},\"datePublished\":\"2022-06-16T11:42:23+00:00\",\"dateModified\":\"2026-04-23T13:00:05+00:00\",\"description\":\"Die St\u00e4rke von Modula basiert auf der Exzellenz der Produkte, aber auch auf der St\u00e4rke des Netzwerks.Es gibt viele internationale Unternehmen, die sich daf\u00fcr entschieden haben, H\u00e4ndler unserer Marke zu werden, in ihre L\u00e4nder zu exportieren und ihren Kundenstamm anzubieten.\",\"breadcrumb\":{\"@id\":\"https:\\\/\\\/www.modula.eu\\\/de\\\/unternehmen\\\/vertriebsnetz\\\/#breadcrumb\"},\"inLanguage\":\"de\",\"potentialAction\":[{\"@type\":\"ReadAction\",\"target\":[\"https:\\\/\\\/www.modula.eu\\\/de\\\/unternehmen\\\/vertriebsnetz\\\/\"]}]},{\"@type\":\"BreadcrumbList\",\"@id\":\"https:\\\/\\\/www.modula.eu\\\/de\\\/unternehmen\\\/vertriebsnetz\\\/#breadcrumb\",\"itemListElement\":[{\"@type\":\"ListItem\",\"position\":1,\"name\":\"Home\",\"item\":\"https:\\\/\\\/www.modula.eu\\\/de\\\/\"},{\"@type\":\"ListItem\",\"position\":2,\"name\":\"Vertriebsnetz\"}]},{\"@type\":\"WebSite\",\"@id\":\"https:\\\/\\\/www.modula.eu\\\/de\\\/#website\",\"url\":\"https:\\\/\\\/www.modula.eu\\\/de\\\/\",\"name\":\"Modula\",\"description\":\"Think Vertical\",\"publisher\":{\"@id\":\"https:\\\/\\\/www.modula.eu\\\/de\\\/#organization\"},\"potentialAction\":[{\"@type\":\"SearchAction\",\"target\":{\"@type\":\"EntryPoint\",\"urlTemplate\":\"https:\\\/\\\/www.modula.eu\\\/de\\\/?s={search_term_string}\"},\"query-input\":{\"@type\":\"PropertyValueSpecification\",\"valueRequired\":true,\"valueName\":\"search_term_string\"}}],\"inLanguage\":\"de\"},{\"@type\":\"Organization\",\"@id\":\"https:\\\/\\\/www.modula.eu\\\/de\\\/#organization\",\"name\":\"Modula\",\"url\":\"https:\\\/\\\/www.modula.eu\\\/de\\\/\",\"logo\":{\"@type\":\"ImageObject\",\"inLanguage\":\"de\",\"@id\":\"https:\\\/\\\/www.modula.eu\\\/de\\\/#\\\/schema\\\/logo\\\/image\\\/\",\"url\":\"https:\\\/\\\/www.modula.eu\\\/wp-content\\\/uploads\\\/2022\\\/12\\\/Modula-logo.jpg\",\"contentUrl\":\"https:\\\/\\\/www.modula.eu\\\/wp-content\\\/uploads\\\/2022\\\/12\\\/Modula-logo.jpg\",\"width\":759,\"height\":512,\"caption\":\"Modula\"},\"image\":{\"@id\":\"https:\\\/\\\/www.modula.eu\\\/de\\\/#\\\/schema\\\/logo\\\/image\\\/\"}}]}<\/script>\n<!-- \/ Yoast SEO plugin. -->","yoast_head_json":{"title":"Vertriebsnetz | Modula","description":"Die St\u00e4rke von Modula basiert auf der Exzellenz der Produkte, aber auch auf der St\u00e4rke des Netzwerks.Es gibt viele internationale Unternehmen, die sich daf\u00fcr entschieden haben, H\u00e4ndler unserer Marke zu werden, in ihre L\u00e4nder zu exportieren und ihren Kundenstamm anzubieten.","robots":{"index":"index","follow":"follow","max-snippet":"max-snippet:-1","max-image-preview":"max-image-preview:large","max-video-preview":"max-video-preview:-1"},"canonical":"https:\/\/www.modula.eu\/de\/unternehmen\/vertriebsnetz\/","og_locale":"de_DE","og_type":"article","og_title":"Vertriebsnetz | Modula","og_description":"Die St\u00e4rke von Modula basiert auf der Exzellenz der Produkte, aber auch auf der St\u00e4rke des Netzwerks.Es gibt viele internationale Unternehmen, die sich daf\u00fcr entschieden haben, H\u00e4ndler unserer Marke zu werden, in ihre L\u00e4nder zu exportieren und ihren Kundenstamm anzubieten.","og_url":"https:\/\/www.modula.eu\/de\/unternehmen\/vertriebsnetz\/","og_site_name":"Modula","article_modified_time":"2026-04-23T13:00:05+00:00","twitter_card":"summary_large_image","schema":{"@context":"https:\/\/schema.org","@graph":[{"@type":"WebPage","@id":"https:\/\/www.modula.eu\/de\/unternehmen\/vertriebsnetz\/","url":"https:\/\/www.modula.eu\/de\/unternehmen\/vertriebsnetz\/","name":"Vertriebsnetz | Modula","isPartOf":{"@id":"https:\/\/www.modula.eu\/de\/#website"},"datePublished":"2022-06-16T11:42:23+00:00","dateModified":"2026-04-23T13:00:05+00:00","description":"Die St\u00e4rke von Modula basiert auf der Exzellenz der Produkte, aber auch auf der St\u00e4rke des Netzwerks.Es gibt viele internationale Unternehmen, die sich daf\u00fcr entschieden haben, H\u00e4ndler unserer Marke zu werden, in ihre L\u00e4nder zu exportieren und ihren Kundenstamm anzubieten.","breadcrumb":{"@id":"https:\/\/www.modula.eu\/de\/unternehmen\/vertriebsnetz\/#breadcrumb"},"inLanguage":"de","potentialAction":[{"@type":"ReadAction","target":["https:\/\/www.modula.eu\/de\/unternehmen\/vertriebsnetz\/"]}]},{"@type":"BreadcrumbList","@id":"https:\/\/www.modula.eu\/de\/unternehmen\/vertriebsnetz\/#breadcrumb","itemListElement":[{"@type":"ListItem","position":1,"name":"Home","item":"https:\/\/www.modula.eu\/de\/"},{"@type":"ListItem","position":2,"name":"Vertriebsnetz"}]},{"@type":"WebSite","@id":"https:\/\/www.modula.eu\/de\/#website","url":"https:\/\/www.modula.eu\/de\/","name":"Modula","description":"Think Vertical","publisher":{"@id":"https:\/\/www.modula.eu\/de\/#organization"},"potentialAction":[{"@type":"SearchAction","target":{"@type":"EntryPoint","urlTemplate":"https:\/\/www.modula.eu\/de\/?s={search_term_string}"},"query-input":{"@type":"PropertyValueSpecification","valueRequired":true,"valueName":"search_term_string"}}],"inLanguage":"de"},{"@type":"Organization","@id":"https:\/\/www.modula.eu\/de\/#organization","name":"Modula","url":"https:\/\/www.modula.eu\/de\/","logo":{"@type":"ImageObject","inLanguage":"de","@id":"https:\/\/www.modula.eu\/de\/#\/schema\/logo\/image\/","url":"https:\/\/www.modula.eu\/wp-content\/uploads\/2022\/12\/Modula-logo.jpg","contentUrl":"https:\/\/www.modula.eu\/wp-content\/uploads\/2022\/12\/Modula-logo.jpg","width":759,"height":512,"caption":"Modula"},"image":{"@id":"https:\/\/www.modula.eu\/de\/#\/schema\/logo\/image\/"}}]}},"_links":{"self":[{"href":"https:\/\/www.modula.eu\/de\/wp-json\/wp\/v2\/pages\/7975","targetHints":{"allow":["GET"]}}],"collection":[{"href":"https:\/\/www.modula.eu\/de\/wp-json\/wp\/v2\/pages"}],"about":[{"href":"https:\/\/www.modula.eu\/de\/wp-json\/wp\/v2\/types\/page"}],"author":[{"embeddable":true,"href":"https:\/\/www.modula.eu\/de\/wp-json\/wp\/v2\/users\/1"}],"replies":[{"embeddable":true,"href":"https:\/\/www.modula.eu\/de\/wp-json\/wp\/v2\/comments?post=7975"}],"version-history":[{"count":2,"href":"https:\/\/www.modula.eu\/de\/wp-json\/wp\/v2\/pages\/7975\/revisions"}],"predecessor-version":[{"id":77607,"href":"https:\/\/www.modula.eu\/de\/wp-json\/wp\/v2\/pages\/7975\/revisions\/77607"}],"wp:attachment":[{"href":"https:\/\/www.modula.eu\/de\/wp-json\/wp\/v2\/media?parent=7975"}],"curies":[{"name":"wp","href":"https:\/\/api.w.org\/{rel}","templated":true}]}}

<!-- This site is optimized with the Yoast SEO plugin v27.4 - https://yoast.com/product/yoast-seo-wordpress/ -->
<title>Vertriebsnetz | Modula</title>
<meta name="description" content="Die Stärke von Modula basiert auf der Exzellenz der Produkte, aber auch auf der Stärke des Netzwerks.Es gibt viele internationale Unternehmen, die sich dafür entschieden haben, Händler unserer Marke zu werden, in ihre Länder zu exportieren und ihren Kundenstamm anzubieten." />
<meta name="robots" content="index, follow, max-snippet:-1, max-image-preview:large, max-video-preview:-1" />
<link rel="canonical" href="https://www.modula.eu/de/unternehmen/vertriebsnetz/" />
<meta property="og:locale" content="de_DE" />
<meta property="og:type" content="article" />
<meta property="og:title" content="Vertriebsnetz | Modula" />
<meta property="og:description" content="Die Stärke von Modula basiert auf der Exzellenz der Produkte, aber auch auf der Stärke des Netzwerks.Es gibt viele internationale Unternehmen, die sich dafür entschieden haben, Händler unserer Marke zu werden, in ihre Länder zu exportieren und ihren Kundenstamm anzubieten." />
<meta property="og:url" content="https://www.modula.eu/de/unternehmen/vertriebsnetz/" />
<meta property="og:site_name" content="Modula" />
<meta property="article:modified_time" content="2026-04-23T13:00:05+00:00" />
<meta name="twitter:card" content="summary_large_image" />
<script type="application/ld+json" class="yoast-schema-graph">{"@context":"https:\/\/schema.org","@graph":[{"@type":"WebPage","@id":"https:\/\/www.modula.eu\/de\/unternehmen\/vertriebsnetz\/","url":"https:\/\/www.modula.eu\/de\/unternehmen\/vertriebsnetz\/","name":"Vertriebsnetz | Modula","isPartOf":{"@id":"https:\/\/www.modula.eu\/de\/#website"},"datePublished":"2022-06-16T11:42:23+00:00","dateModified":"2026-04-23T13:00:05+00:00","description":"Die Stärke von Modula basiert auf der Exzellenz der Produkte, aber auch auf der Stärke des Netzwerks.Es gibt viele internationale Unternehmen, die sich dafür entschieden haben, Händler unserer Marke zu werden, in ihre Länder zu exportieren und ihren Kundenstamm anzubieten.","breadcrumb":{"@id":"https:\/\/www.modula.eu\/de\/unternehmen\/vertriebsnetz\/#breadcrumb"},"inLanguage":"de","potentialAction":[{"@type":"ReadAction","target":["https:\/\/www.modula.eu\/de\/unternehmen\/vertriebsnetz\/"]}]},{"@type":"BreadcrumbList","@id":"https:\/\/www.modula.eu\/de\/unternehmen\/vertriebsnetz\/#breadcrumb","itemListElement":[{"@type":"ListItem","position":1,"name":"Home","item":"https:\/\/www.modula.eu\/de\/"},{"@type":"ListItem","position":2,"name":"Vertriebsnetz"}]},{"@type":"WebSite","@id":"https:\/\/www.modula.eu\/de\/#website","url":"https:\/\/www.modula.eu\/de\/","name":"Modula","description":"Think Vertical","publisher":{"@id":"https:\/\/www.modula.eu\/de\/#organization"},"potentialAction":[{"@type":"SearchAction","target":{"@type":"EntryPoint","urlTemplate":"https:\/\/www.modula.eu\/de\/?s={search_term_string}"},"query-input":{"@type":"PropertyValueSpecification","valueRequired":true,"valueName":"search_term_string"}}],"inLanguage":"de"},{"@type":"Organization","@id":"https:\/\/www.modula.eu\/de\/#organization","name":"Modula","url":"https:\/\/www.modula.eu\/de\/","logo":{"@type":"ImageObject","inLanguage":"de","@id":"https:\/\/www.modula.eu\/de\/#\/schema\/logo\/image\/","url":"https:\/\/www.modula.eu\/wp-content\/uploads\/2022\/12\/Modula-logo.jpg","contentUrl":"https:\/\/www.modula.eu\/wp-content\/uploads\/2022\/12\/Modula-logo.jpg","width":759,"height":512,"caption":"Modula"},"image":{"@id":"https:\/\/www.modula.eu\/de\/#\/schema\/logo\/image\/"}}]}</script>
<!-- / Yoast SEO plugin. -->

Die Stärke von Modula basiert auf der Exzellenz der Produkte, aber auch auf der Stärke des Netzwerks.Es gibt viele internationale Unternehmen, die sich dafür entschieden haben, Händler unserer Marke zu werden, in ihre Länder zu exportieren und ihren Kundenstamm anzubieten.
