{"id":8193,"date":"2022-06-21T09:00:10","date_gmt":"2022-06-21T07:00:10","guid":{"rendered":"https:\/\/www.modula.eu\/accessori\/accessori-cassetti\/protezione-esd\/"},"modified":"2025-06-16T15:17:55","modified_gmt":"2025-06-16T13:17:55","slug":"esd-schutzsystem","status":"publish","type":"page","link":"https:\/\/www.modula.eu\/de\/zubehor\/zusatzliche-optionen\/esd-schutzsystem\/","title":{"rendered":"ESD-Schutzsystem"},"content":{"rendered":"","protected":false},"excerpt":{"rendered":"","protected":false},"author":1,"featured_media":9741,"parent":10398,"menu_order":1,"comment_status":"closed","ping_status":"closed","template":"","meta":{"_acf_changed":false,"inline_featured_image":false,"mapsvg_location":"","footnotes":""},"class_list":["post-8193","page","type-page","status-publish","has-post-thumbnail","hentry"],"acf":[],"yoast_head":"<!-- This site is optimized with the Yoast SEO plugin v28.3 - https:\/\/yoast.com\/product\/yoast-seo-wordpress\/ -->\n<title>ESD-Schutz f\u00fcr gelagerte Komponenten| Modula<\/title>\n<meta name=\"description\" content=\"Sie m\u00f6chten gelagerte Bauteile absichern, die m\u00f6glicherweise durch elektrostatische Aufladung besch\u00e4digt werden? Entdecken Sie den ESD-Schutz von Modula.\" \/>\n<meta name=\"robots\" content=\"index, follow, max-snippet:-1, max-image-preview:large, max-video-preview:-1\" \/>\n<link rel=\"canonical\" href=\"https:\/\/www.modula.eu\/de\/zubehor\/zusatzliche-optionen\/esd-schutzsystem\/\" \/>\n<meta property=\"og:locale\" content=\"de_DE\" \/>\n<meta property=\"og:type\" content=\"article\" \/>\n<meta property=\"og:title\" content=\"ESD-Schutz f\u00fcr gelagerte Komponenten| Modula\" \/>\n<meta property=\"og:description\" content=\"Sie m\u00f6chten gelagerte Bauteile absichern, die m\u00f6glicherweise durch elektrostatische Aufladung besch\u00e4digt werden? Entdecken Sie den ESD-Schutz von Modula.\" \/>\n<meta property=\"og:url\" content=\"https:\/\/www.modula.eu\/de\/zubehor\/zusatzliche-optionen\/esd-schutzsystem\/\" \/>\n<meta property=\"og:site_name\" content=\"Modula\" \/>\n<meta property=\"article:modified_time\" content=\"2025-06-16T13:17:55+00:00\" \/>\n<meta property=\"og:image\" content=\"https:\/\/www.modula.eu\/wp-content\/uploads\/2022\/11\/ESD.jpg\" \/>\n\t<meta property=\"og:image:width\" content=\"800\" \/>\n\t<meta property=\"og:image:height\" content=\"600\" \/>\n\t<meta property=\"og:image:type\" content=\"image\/jpeg\" \/>\n<meta name=\"twitter:card\" content=\"summary_large_image\" \/>\n<script type=\"application\/ld+json\" class=\"yoast-schema-graph\">{\"@context\":\"https:\\\/\\\/schema.org\",\"@graph\":[{\"@type\":\"WebPage\",\"@id\":\"https:\\\/\\\/www.modula.eu\\\/de\\\/zubehor\\\/zusatzliche-optionen\\\/esd-schutzsystem\\\/\",\"url\":\"https:\\\/\\\/www.modula.eu\\\/de\\\/zubehor\\\/zusatzliche-optionen\\\/esd-schutzsystem\\\/\",\"name\":\"ESD-Schutz f\u00fcr gelagerte Komponenten| Modula\",\"isPartOf\":{\"@id\":\"https:\\\/\\\/www.modula.eu\\\/de\\\/#website\"},\"primaryImageOfPage\":{\"@id\":\"https:\\\/\\\/www.modula.eu\\\/de\\\/zubehor\\\/zusatzliche-optionen\\\/esd-schutzsystem\\\/#primaryimage\"},\"image\":{\"@id\":\"https:\\\/\\\/www.modula.eu\\\/de\\\/zubehor\\\/zusatzliche-optionen\\\/esd-schutzsystem\\\/#primaryimage\"},\"thumbnailUrl\":\"https:\\\/\\\/www.modula.eu\\\/wp-content\\\/uploads\\\/2022\\\/11\\\/ESD.jpg\",\"datePublished\":\"2022-06-21T07:00:10+00:00\",\"dateModified\":\"2025-06-16T13:17:55+00:00\",\"description\":\"Sie m\u00f6chten gelagerte Bauteile absichern, die m\u00f6glicherweise durch elektrostatische Aufladung besch\u00e4digt werden? Entdecken Sie den ESD-Schutz von Modula.\",\"breadcrumb\":{\"@id\":\"https:\\\/\\\/www.modula.eu\\\/de\\\/zubehor\\\/zusatzliche-optionen\\\/esd-schutzsystem\\\/#breadcrumb\"},\"inLanguage\":\"de\",\"potentialAction\":[{\"@type\":\"ReadAction\",\"target\":[\"https:\\\/\\\/www.modula.eu\\\/de\\\/zubehor\\\/zusatzliche-optionen\\\/esd-schutzsystem\\\/\"]}]},{\"@type\":\"ImageObject\",\"inLanguage\":\"de\",\"@id\":\"https:\\\/\\\/www.modula.eu\\\/de\\\/zubehor\\\/zusatzliche-optionen\\\/esd-schutzsystem\\\/#primaryimage\",\"url\":\"https:\\\/\\\/www.modula.eu\\\/wp-content\\\/uploads\\\/2022\\\/11\\\/ESD.jpg\",\"contentUrl\":\"https:\\\/\\\/www.modula.eu\\\/wp-content\\\/uploads\\\/2022\\\/11\\\/ESD.jpg\",\"width\":800,\"height\":600,\"caption\":\"ESD-bescherming\"},{\"@type\":\"BreadcrumbList\",\"@id\":\"https:\\\/\\\/www.modula.eu\\\/de\\\/zubehor\\\/zusatzliche-optionen\\\/esd-schutzsystem\\\/#breadcrumb\",\"itemListElement\":[{\"@type\":\"ListItem\",\"position\":1,\"name\":\"Home\",\"item\":\"https:\\\/\\\/www.modula.eu\\\/de\\\/\"},{\"@type\":\"ListItem\",\"position\":2,\"name\":\"Zubeh\u00f6r\",\"item\":\"https:\\\/\\\/www.modula.eu\\\/de\\\/zubehoer\\\/\"},{\"@type\":\"ListItem\",\"position\":3,\"name\":\"Zus\u00e4tzliche Optionen\",\"item\":\"https:\\\/\\\/www.modula.eu\\\/de\\\/zubehoer\\\/zusatzliche-optionen\\\/\"},{\"@type\":\"ListItem\",\"position\":4,\"name\":\"ESD-Schutzsystem\"}]},{\"@type\":\"WebSite\",\"@id\":\"https:\\\/\\\/www.modula.eu\\\/de\\\/#website\",\"url\":\"https:\\\/\\\/www.modula.eu\\\/de\\\/\",\"name\":\"Modula S.p.A.\",\"description\":\"Think Vertical\",\"publisher\":{\"@id\":\"https:\\\/\\\/www.modula.eu\\\/de\\\/#organization\"},\"potentialAction\":[{\"@type\":\"SearchAction\",\"target\":{\"@type\":\"EntryPoint\",\"urlTemplate\":\"https:\\\/\\\/www.modula.eu\\\/de\\\/?s={search_term_string}\"},\"query-input\":{\"@type\":\"PropertyValueSpecification\",\"valueRequired\":true,\"valueName\":\"search_term_string\"}}],\"inLanguage\":\"de\"}]}<\/script>\n<!-- \/ Yoast SEO plugin. -->","yoast_head_json":{"title":"ESD-Schutz f\u00fcr gelagerte Komponenten| Modula","description":"Sie m\u00f6chten gelagerte Bauteile absichern, die m\u00f6glicherweise durch elektrostatische Aufladung besch\u00e4digt werden? Entdecken Sie den ESD-Schutz von Modula.","robots":{"index":"index","follow":"follow","max-snippet":"max-snippet:-1","max-image-preview":"max-image-preview:large","max-video-preview":"max-video-preview:-1"},"canonical":"https:\/\/www.modula.eu\/de\/zubehor\/zusatzliche-optionen\/esd-schutzsystem\/","og_locale":"de_DE","og_type":"article","og_title":"ESD-Schutz f\u00fcr gelagerte Komponenten| Modula","og_description":"Sie m\u00f6chten gelagerte Bauteile absichern, die m\u00f6glicherweise durch elektrostatische Aufladung besch\u00e4digt werden? Entdecken Sie den ESD-Schutz von Modula.","og_url":"https:\/\/www.modula.eu\/de\/zubehor\/zusatzliche-optionen\/esd-schutzsystem\/","og_site_name":"Modula","article_modified_time":"2025-06-16T13:17:55+00:00","og_image":[{"width":800,"height":600,"url":"https:\/\/www.modula.eu\/wp-content\/uploads\/2022\/11\/ESD.jpg","type":"image\/jpeg"}],"twitter_card":"summary_large_image","schema":{"@context":"https:\/\/schema.org","@graph":[{"@type":"WebPage","@id":"https:\/\/www.modula.eu\/de\/zubehor\/zusatzliche-optionen\/esd-schutzsystem\/","url":"https:\/\/www.modula.eu\/de\/zubehor\/zusatzliche-optionen\/esd-schutzsystem\/","name":"ESD-Schutz f\u00fcr gelagerte Komponenten| Modula","isPartOf":{"@id":"https:\/\/www.modula.eu\/de\/#website"},"primaryImageOfPage":{"@id":"https:\/\/www.modula.eu\/de\/zubehor\/zusatzliche-optionen\/esd-schutzsystem\/#primaryimage"},"image":{"@id":"https:\/\/www.modula.eu\/de\/zubehor\/zusatzliche-optionen\/esd-schutzsystem\/#primaryimage"},"thumbnailUrl":"https:\/\/www.modula.eu\/wp-content\/uploads\/2022\/11\/ESD.jpg","datePublished":"2022-06-21T07:00:10+00:00","dateModified":"2025-06-16T13:17:55+00:00","description":"Sie m\u00f6chten gelagerte Bauteile absichern, die m\u00f6glicherweise durch elektrostatische Aufladung besch\u00e4digt werden? Entdecken Sie den ESD-Schutz von Modula.","breadcrumb":{"@id":"https:\/\/www.modula.eu\/de\/zubehor\/zusatzliche-optionen\/esd-schutzsystem\/#breadcrumb"},"inLanguage":"de","potentialAction":[{"@type":"ReadAction","target":["https:\/\/www.modula.eu\/de\/zubehor\/zusatzliche-optionen\/esd-schutzsystem\/"]}]},{"@type":"ImageObject","inLanguage":"de","@id":"https:\/\/www.modula.eu\/de\/zubehor\/zusatzliche-optionen\/esd-schutzsystem\/#primaryimage","url":"https:\/\/www.modula.eu\/wp-content\/uploads\/2022\/11\/ESD.jpg","contentUrl":"https:\/\/www.modula.eu\/wp-content\/uploads\/2022\/11\/ESD.jpg","width":800,"height":600,"caption":"ESD-bescherming"},{"@type":"BreadcrumbList","@id":"https:\/\/www.modula.eu\/de\/zubehor\/zusatzliche-optionen\/esd-schutzsystem\/#breadcrumb","itemListElement":[{"@type":"ListItem","position":1,"name":"Home","item":"https:\/\/www.modula.eu\/de\/"},{"@type":"ListItem","position":2,"name":"Zubeh\u00f6r","item":"https:\/\/www.modula.eu\/de\/zubehoer\/"},{"@type":"ListItem","position":3,"name":"Zus\u00e4tzliche Optionen","item":"https:\/\/www.modula.eu\/de\/zubehoer\/zusatzliche-optionen\/"},{"@type":"ListItem","position":4,"name":"ESD-Schutzsystem"}]},{"@type":"WebSite","@id":"https:\/\/www.modula.eu\/de\/#website","url":"https:\/\/www.modula.eu\/de\/","name":"Modula S.p.A.","description":"Think Vertical","publisher":{"@id":"https:\/\/www.modula.eu\/de\/#organization"},"potentialAction":[{"@type":"SearchAction","target":{"@type":"EntryPoint","urlTemplate":"https:\/\/www.modula.eu\/de\/?s={search_term_string}"},"query-input":{"@type":"PropertyValueSpecification","valueRequired":true,"valueName":"search_term_string"}}],"inLanguage":"de"}]}},"permalink_manager":null,"_links":{"self":[{"href":"https:\/\/www.modula.eu\/de\/wp-json\/wp\/v2\/pages\/8193","targetHints":{"allow":["GET"]}}],"collection":[{"href":"https:\/\/www.modula.eu\/de\/wp-json\/wp\/v2\/pages"}],"about":[{"href":"https:\/\/www.modula.eu\/de\/wp-json\/wp\/v2\/types\/page"}],"author":[{"embeddable":true,"href":"https:\/\/www.modula.eu\/de\/wp-json\/wp\/v2\/users\/1"}],"replies":[{"embeddable":true,"href":"https:\/\/www.modula.eu\/de\/wp-json\/wp\/v2\/comments?post=8193"}],"version-history":[{"count":0,"href":"https:\/\/www.modula.eu\/de\/wp-json\/wp\/v2\/pages\/8193\/revisions"}],"up":[{"embeddable":true,"href":"https:\/\/www.modula.eu\/de\/wp-json\/wp\/v2\/pages\/10398"}],"wp:featuredmedia":[{"embeddable":true,"href":"https:\/\/www.modula.eu\/de\/wp-json\/wp\/v2\/media\/9741"}],"wp:attachment":[{"href":"https:\/\/www.modula.eu\/de\/wp-json\/wp\/v2\/media?parent=8193"}],"curies":[{"name":"wp","href":"https:\/\/api.w.org\/{rel}","templated":true}]}}

<!-- This site is optimized with the Yoast SEO plugin v28.3 - https://yoast.com/product/yoast-seo-wordpress/ -->
<title>ESD-Schutz für gelagerte Komponenten| Modula</title>
<meta name="description" content="Sie möchten gelagerte Bauteile absichern, die möglicherweise durch elektrostatische Aufladung beschädigt werden? Entdecken Sie den ESD-Schutz von Modula." />
<meta name="robots" content="index, follow, max-snippet:-1, max-image-preview:large, max-video-preview:-1" />
<link rel="canonical" href="https://www.modula.eu/de/zubehor/zusatzliche-optionen/esd-schutzsystem/" />
<meta property="og:locale" content="de_DE" />
<meta property="og:type" content="article" />
<meta property="og:title" content="ESD-Schutz für gelagerte Komponenten| Modula" />
<meta property="og:description" content="Sie möchten gelagerte Bauteile absichern, die möglicherweise durch elektrostatische Aufladung beschädigt werden? Entdecken Sie den ESD-Schutz von Modula." />
<meta property="og:url" content="https://www.modula.eu/de/zubehor/zusatzliche-optionen/esd-schutzsystem/" />
<meta property="og:site_name" content="Modula" />
<meta property="article:modified_time" content="2025-06-16T13:17:55+00:00" />
<meta property="og:image" content="https://www.modula.eu/wp-content/uploads/2022/11/ESD.jpg" />
	<meta property="og:image:width" content="800" />
	<meta property="og:image:height" content="600" />
	<meta property="og:image:type" content="image/jpeg" />
<meta name="twitter:card" content="summary_large_image" />
<script type="application/ld+json" class="yoast-schema-graph">{"@context":"https:\/\/schema.org","@graph":[{"@type":"WebPage","@id":"https:\/\/www.modula.eu\/de\/zubehor\/zusatzliche-optionen\/esd-schutzsystem\/","url":"https:\/\/www.modula.eu\/de\/zubehor\/zusatzliche-optionen\/esd-schutzsystem\/","name":"ESD-Schutz für gelagerte Komponenten| Modula","isPartOf":{"@id":"https:\/\/www.modula.eu\/de\/#website"},"primaryImageOfPage":{"@id":"https:\/\/www.modula.eu\/de\/zubehor\/zusatzliche-optionen\/esd-schutzsystem\/#primaryimage"},"image":{"@id":"https:\/\/www.modula.eu\/de\/zubehor\/zusatzliche-optionen\/esd-schutzsystem\/#primaryimage"},"thumbnailUrl":"https:\/\/www.modula.eu\/wp-content\/uploads\/2022\/11\/ESD.jpg","datePublished":"2022-06-21T07:00:10+00:00","dateModified":"2025-06-16T13:17:55+00:00","description":"Sie möchten gelagerte Bauteile absichern, die möglicherweise durch elektrostatische Aufladung beschädigt werden? Entdecken Sie den ESD-Schutz von Modula.","breadcrumb":{"@id":"https:\/\/www.modula.eu\/de\/zubehor\/zusatzliche-optionen\/esd-schutzsystem\/#breadcrumb"},"inLanguage":"de","potentialAction":[{"@type":"ReadAction","target":["https:\/\/www.modula.eu\/de\/zubehor\/zusatzliche-optionen\/esd-schutzsystem\/"]}]},{"@type":"ImageObject","inLanguage":"de","@id":"https:\/\/www.modula.eu\/de\/zubehor\/zusatzliche-optionen\/esd-schutzsystem\/#primaryimage","url":"https:\/\/www.modula.eu\/wp-content\/uploads\/2022\/11\/ESD.jpg","contentUrl":"https:\/\/www.modula.eu\/wp-content\/uploads\/2022\/11\/ESD.jpg","width":800,"height":600,"caption":"ESD-bescherming"},{"@type":"BreadcrumbList","@id":"https:\/\/www.modula.eu\/de\/zubehor\/zusatzliche-optionen\/esd-schutzsystem\/#breadcrumb","itemListElement":[{"@type":"ListItem","position":1,"name":"Home","item":"https:\/\/www.modula.eu\/de\/"},{"@type":"ListItem","position":2,"name":"Zubehör","item":"https:\/\/www.modula.eu\/de\/zubehoer\/"},{"@type":"ListItem","position":3,"name":"Zusätzliche Optionen","item":"https:\/\/www.modula.eu\/de\/zubehoer\/zusatzliche-optionen\/"},{"@type":"ListItem","position":4,"name":"ESD-Schutzsystem"}]},{"@type":"WebSite","@id":"https:\/\/www.modula.eu\/de\/#website","url":"https:\/\/www.modula.eu\/de\/","name":"Modula S.p.A.","description":"Think Vertical","publisher":{"@id":"https:\/\/www.modula.eu\/de\/#organization"},"potentialAction":[{"@type":"SearchAction","target":{"@type":"EntryPoint","urlTemplate":"https:\/\/www.modula.eu\/de\/?s={search_term_string}"},"query-input":{"@type":"PropertyValueSpecification","valueRequired":true,"valueName":"search_term_string"}}],"inLanguage":"de"}]}</script>
<!-- / Yoast SEO plugin. -->

ESD-Schutz für gelagerte Komponenten| Modula

Sie möchten gelagerte Bauteile absichern, die möglicherweise durch elektrostatische Aufladung beschädigt werden? Entdecken Sie den ESD-Schutz von Modula.

Zubehör

Zusätzliche Optionen
