{"id":10399,"date":"2022-10-10T12:02:50","date_gmt":"2022-10-10T10:02:50","guid":{"rendered":"https:\/\/www.modula.eu\/accessori\/varie\/"},"modified":"2023-10-17T10:06:52","modified_gmt":"2023-10-17T08:06:52","slug":"accesorios-adicionales","status":"publish","type":"page","link":"https:\/\/www.modula.eu\/es\/accesorios\/accesorios-adicionales\/","title":{"rendered":"Accesorios adicionales"},"content":{"rendered":"","protected":false},"excerpt":{"rendered":"","protected":false},"author":1,"featured_media":0,"parent":8126,"menu_order":5,"comment_status":"closed","ping_status":"closed","template":"","meta":{"_acf_changed":false,"inline_featured_image":false,"mapsvg_location":"","footnotes":""},"class_list":["post-10399","page","type-page","status-publish","hentry"],"acf":[],"yoast_head":"<!-- This site is optimized with the Yoast SEO plugin v28.3 - https:\/\/yoast.com\/product\/yoast-seo-wordpress\/ -->\n<title>Accesorios adicionales | Modula<\/title>\n<meta name=\"description\" content=\"Con los comentarios de nuestros clientes, hemos podido desarrollar soluciones para enriquecer el almac\u00e9n autom\u00e1tico vertical y horizontal para aumentar a\u00fan m\u00e1s la productividad.\" \/>\n<meta name=\"robots\" content=\"index, follow, max-snippet:-1, max-image-preview:large, max-video-preview:-1\" \/>\n<link rel=\"canonical\" href=\"https:\/\/www.modula.eu\/es\/accesorios\/accesorios-adicionales\/\" \/>\n<meta property=\"og:locale\" content=\"es_ES\" \/>\n<meta property=\"og:type\" content=\"article\" \/>\n<meta property=\"og:title\" content=\"Accesorios adicionales | Modula\" \/>\n<meta property=\"og:description\" content=\"Con los comentarios de nuestros clientes, hemos podido desarrollar soluciones para enriquecer el almac\u00e9n autom\u00e1tico vertical y horizontal para aumentar a\u00fan m\u00e1s la productividad.\" \/>\n<meta property=\"og:url\" content=\"https:\/\/www.modula.eu\/es\/accesorios\/accesorios-adicionales\/\" \/>\n<meta property=\"og:site_name\" content=\"Modula\" \/>\n<meta property=\"article:modified_time\" content=\"2023-10-17T08:06:52+00:00\" \/>\n<meta name=\"twitter:card\" content=\"summary_large_image\" \/>\n<script type=\"application\/ld+json\" class=\"yoast-schema-graph\">{\"@context\":\"https:\\\/\\\/schema.org\",\"@graph\":[{\"@type\":\"WebPage\",\"@id\":\"https:\\\/\\\/www.modula.eu\\\/es\\\/accesorios\\\/accesorios-adicionales\\\/\",\"url\":\"https:\\\/\\\/www.modula.eu\\\/es\\\/accesorios\\\/accesorios-adicionales\\\/\",\"name\":\"Accesorios adicionales | Modula\",\"isPartOf\":{\"@id\":\"https:\\\/\\\/www.modula.eu\\\/es\\\/#website\"},\"datePublished\":\"2022-10-10T10:02:50+00:00\",\"dateModified\":\"2023-10-17T08:06:52+00:00\",\"description\":\"Con los comentarios de nuestros clientes, hemos podido desarrollar soluciones para enriquecer el almac\u00e9n autom\u00e1tico vertical y horizontal para aumentar a\u00fan m\u00e1s la productividad.\",\"breadcrumb\":{\"@id\":\"https:\\\/\\\/www.modula.eu\\\/es\\\/accesorios\\\/accesorios-adicionales\\\/#breadcrumb\"},\"inLanguage\":\"es\",\"potentialAction\":[{\"@type\":\"ReadAction\",\"target\":[\"https:\\\/\\\/www.modula.eu\\\/es\\\/accesorios\\\/accesorios-adicionales\\\/\"]}]},{\"@type\":\"BreadcrumbList\",\"@id\":\"https:\\\/\\\/www.modula.eu\\\/es\\\/accesorios\\\/accesorios-adicionales\\\/#breadcrumb\",\"itemListElement\":[{\"@type\":\"ListItem\",\"position\":1,\"name\":\"Home\",\"item\":\"https:\\\/\\\/www.modula.eu\\\/es\\\/\"},{\"@type\":\"ListItem\",\"position\":2,\"name\":\"Accesorios\",\"item\":\"https:\\\/\\\/www.modula.eu\\\/es\\\/accesorios\\\/\"},{\"@type\":\"ListItem\",\"position\":3,\"name\":\"Accesorios adicionales\"}]},{\"@type\":\"WebSite\",\"@id\":\"https:\\\/\\\/www.modula.eu\\\/es\\\/#website\",\"url\":\"https:\\\/\\\/www.modula.eu\\\/es\\\/\",\"name\":\"Modula S.p.A.\",\"description\":\"Think Vertical\",\"publisher\":{\"@id\":\"https:\\\/\\\/www.modula.eu\\\/es\\\/#organization\"},\"potentialAction\":[{\"@type\":\"SearchAction\",\"target\":{\"@type\":\"EntryPoint\",\"urlTemplate\":\"https:\\\/\\\/www.modula.eu\\\/es\\\/?s={search_term_string}\"},\"query-input\":{\"@type\":\"PropertyValueSpecification\",\"valueRequired\":true,\"valueName\":\"search_term_string\"}}],\"inLanguage\":\"es\"}]}<\/script>\n<!-- \/ Yoast SEO plugin. -->","yoast_head_json":{"title":"Accesorios adicionales | Modula","description":"Con los comentarios de nuestros clientes, hemos podido desarrollar soluciones para enriquecer el almac\u00e9n autom\u00e1tico vertical y horizontal para aumentar a\u00fan m\u00e1s la productividad.","robots":{"index":"index","follow":"follow","max-snippet":"max-snippet:-1","max-image-preview":"max-image-preview:large","max-video-preview":"max-video-preview:-1"},"canonical":"https:\/\/www.modula.eu\/es\/accesorios\/accesorios-adicionales\/","og_locale":"es_ES","og_type":"article","og_title":"Accesorios adicionales | Modula","og_description":"Con los comentarios de nuestros clientes, hemos podido desarrollar soluciones para enriquecer el almac\u00e9n autom\u00e1tico vertical y horizontal para aumentar a\u00fan m\u00e1s la productividad.","og_url":"https:\/\/www.modula.eu\/es\/accesorios\/accesorios-adicionales\/","og_site_name":"Modula","article_modified_time":"2023-10-17T08:06:52+00:00","twitter_card":"summary_large_image","schema":{"@context":"https:\/\/schema.org","@graph":[{"@type":"WebPage","@id":"https:\/\/www.modula.eu\/es\/accesorios\/accesorios-adicionales\/","url":"https:\/\/www.modula.eu\/es\/accesorios\/accesorios-adicionales\/","name":"Accesorios adicionales | Modula","isPartOf":{"@id":"https:\/\/www.modula.eu\/es\/#website"},"datePublished":"2022-10-10T10:02:50+00:00","dateModified":"2023-10-17T08:06:52+00:00","description":"Con los comentarios de nuestros clientes, hemos podido desarrollar soluciones para enriquecer el almac\u00e9n autom\u00e1tico vertical y horizontal para aumentar a\u00fan m\u00e1s la productividad.","breadcrumb":{"@id":"https:\/\/www.modula.eu\/es\/accesorios\/accesorios-adicionales\/#breadcrumb"},"inLanguage":"es","potentialAction":[{"@type":"ReadAction","target":["https:\/\/www.modula.eu\/es\/accesorios\/accesorios-adicionales\/"]}]},{"@type":"BreadcrumbList","@id":"https:\/\/www.modula.eu\/es\/accesorios\/accesorios-adicionales\/#breadcrumb","itemListElement":[{"@type":"ListItem","position":1,"name":"Home","item":"https:\/\/www.modula.eu\/es\/"},{"@type":"ListItem","position":2,"name":"Accesorios","item":"https:\/\/www.modula.eu\/es\/accesorios\/"},{"@type":"ListItem","position":3,"name":"Accesorios adicionales"}]},{"@type":"WebSite","@id":"https:\/\/www.modula.eu\/es\/#website","url":"https:\/\/www.modula.eu\/es\/","name":"Modula S.p.A.","description":"Think Vertical","publisher":{"@id":"https:\/\/www.modula.eu\/es\/#organization"},"potentialAction":[{"@type":"SearchAction","target":{"@type":"EntryPoint","urlTemplate":"https:\/\/www.modula.eu\/es\/?s={search_term_string}"},"query-input":{"@type":"PropertyValueSpecification","valueRequired":true,"valueName":"search_term_string"}}],"inLanguage":"es"}]}},"permalink_manager":null,"_links":{"self":[{"href":"https:\/\/www.modula.eu\/es\/wp-json\/wp\/v2\/pages\/10399","targetHints":{"allow":["GET"]}}],"collection":[{"href":"https:\/\/www.modula.eu\/es\/wp-json\/wp\/v2\/pages"}],"about":[{"href":"https:\/\/www.modula.eu\/es\/wp-json\/wp\/v2\/types\/page"}],"author":[{"embeddable":true,"href":"https:\/\/www.modula.eu\/es\/wp-json\/wp\/v2\/users\/1"}],"replies":[{"embeddable":true,"href":"https:\/\/www.modula.eu\/es\/wp-json\/wp\/v2\/comments?post=10399"}],"version-history":[{"count":0,"href":"https:\/\/www.modula.eu\/es\/wp-json\/wp\/v2\/pages\/10399\/revisions"}],"up":[{"embeddable":true,"href":"https:\/\/www.modula.eu\/es\/wp-json\/wp\/v2\/pages\/8126"}],"wp:attachment":[{"href":"https:\/\/www.modula.eu\/es\/wp-json\/wp\/v2\/media?parent=10399"}],"curies":[{"name":"wp","href":"https:\/\/api.w.org\/{rel}","templated":true}]}}

<!-- This site is optimized with the Yoast SEO plugin v28.3 - https://yoast.com/product/yoast-seo-wordpress/ -->
<title>Accesorios adicionales | Modula</title>
<meta name="description" content="Con los comentarios de nuestros clientes, hemos podido desarrollar soluciones para enriquecer el almacén automático vertical y horizontal para aumentar aún más la productividad." />
<meta name="robots" content="index, follow, max-snippet:-1, max-image-preview:large, max-video-preview:-1" />
<link rel="canonical" href="https://www.modula.eu/es/accesorios/accesorios-adicionales/" />
<meta property="og:locale" content="es_ES" />
<meta property="og:type" content="article" />
<meta property="og:title" content="Accesorios adicionales | Modula" />
<meta property="og:description" content="Con los comentarios de nuestros clientes, hemos podido desarrollar soluciones para enriquecer el almacén automático vertical y horizontal para aumentar aún más la productividad." />
<meta property="og:url" content="https://www.modula.eu/es/accesorios/accesorios-adicionales/" />
<meta property="og:site_name" content="Modula" />
<meta property="article:modified_time" content="2023-10-17T08:06:52+00:00" />
<meta name="twitter:card" content="summary_large_image" />
<script type="application/ld+json" class="yoast-schema-graph">{"@context":"https:\/\/schema.org","@graph":[{"@type":"WebPage","@id":"https:\/\/www.modula.eu\/es\/accesorios\/accesorios-adicionales\/","url":"https:\/\/www.modula.eu\/es\/accesorios\/accesorios-adicionales\/","name":"Accesorios adicionales | Modula","isPartOf":{"@id":"https:\/\/www.modula.eu\/es\/#website"},"datePublished":"2022-10-10T10:02:50+00:00","dateModified":"2023-10-17T08:06:52+00:00","description":"Con los comentarios de nuestros clientes, hemos podido desarrollar soluciones para enriquecer el almacén automático vertical y horizontal para aumentar aún más la productividad.","breadcrumb":{"@id":"https:\/\/www.modula.eu\/es\/accesorios\/accesorios-adicionales\/#breadcrumb"},"inLanguage":"es","potentialAction":[{"@type":"ReadAction","target":["https:\/\/www.modula.eu\/es\/accesorios\/accesorios-adicionales\/"]}]},{"@type":"BreadcrumbList","@id":"https:\/\/www.modula.eu\/es\/accesorios\/accesorios-adicionales\/#breadcrumb","itemListElement":[{"@type":"ListItem","position":1,"name":"Home","item":"https:\/\/www.modula.eu\/es\/"},{"@type":"ListItem","position":2,"name":"Accesorios","item":"https:\/\/www.modula.eu\/es\/accesorios\/"},{"@type":"ListItem","position":3,"name":"Accesorios adicionales"}]},{"@type":"WebSite","@id":"https:\/\/www.modula.eu\/es\/#website","url":"https:\/\/www.modula.eu\/es\/","name":"Modula S.p.A.","description":"Think Vertical","publisher":{"@id":"https:\/\/www.modula.eu\/es\/#organization"},"potentialAction":[{"@type":"SearchAction","target":{"@type":"EntryPoint","urlTemplate":"https:\/\/www.modula.eu\/es\/?s={search_term_string}"},"query-input":{"@type":"PropertyValueSpecification","valueRequired":true,"valueName":"search_term_string"}}],"inLanguage":"es"}]}</script>
<!-- / Yoast SEO plugin. -->

Con los comentarios de nuestros clientes, hemos podido desarrollar soluciones para enriquecer el almacén automático vertical y horizontal para aumentar aún más la productividad.
