{"id":29106,"date":"2023-12-22T14:24:24","date_gmt":"2023-12-22T13:24:24","guid":{"rendered":"https:\/\/www.modula.eu\/?page_id=29106"},"modified":"2024-08-05T14:35:23","modified_gmt":"2024-08-05T12:35:23","slug":"xian-international-medical-center","status":"publish","type":"page","link":"https:\/\/www.modula.eu\/es\/caso-practico-almacenamiento-inteligente\/quimico-farmaceutico-biomedico\/xian\/","title":{"rendered":"Xi&#8217;An International Medical Center"},"content":{"rendered":"","protected":false},"excerpt":{"rendered":"","protected":false},"author":1,"featured_media":29101,"parent":10151,"menu_order":3,"comment_status":"closed","ping_status":"closed","template":"case.php","meta":{"_acf_changed":false,"inline_featured_image":false,"mapsvg_location":"","footnotes":""},"class_list":["post-29106","page","type-page","status-publish","has-post-thumbnail","hentry"],"acf":[],"yoast_head":"<!-- This site is optimized with the Yoast SEO plugin v28.3 - https:\/\/yoast.com\/product\/yoast-seo-wordpress\/ -->\n<title>Almacenes autom\u00e1ticos Modula para el sector qu\u00edmico, farmac\u00e9utico: Xi&#039;An<\/title>\n<meta name=\"description\" content=\"Las aplicaciones de los almacenes verticales autom\u00e1ticos en el mundo sanitario y hospitalario son m\u00faltiples: desde el almacenamiento de medicamentos hasta la preparaci\u00f3n para farmacias dentro de instalaciones hospitalarias, desde el almacenamiento de camas hasta el de pr\u00f3tesis o material quir\u00fargico.\" \/>\n<meta name=\"robots\" content=\"index, follow, max-snippet:-1, max-image-preview:large, max-video-preview:-1\" \/>\n<link rel=\"canonical\" href=\"https:\/\/www.modula.eu\/es\/caso-practico-almacenamiento-inteligente\/quimico-farmaceutico-biomedico\/xian\/\" \/>\n<meta property=\"og:locale\" content=\"es_ES\" \/>\n<meta property=\"og:type\" content=\"article\" \/>\n<meta property=\"og:title\" content=\"Almacenes autom\u00e1ticos Modula para el sector qu\u00edmico, farmac\u00e9utico: Xi&#039;An\" \/>\n<meta property=\"og:description\" content=\"Las aplicaciones de los almacenes verticales autom\u00e1ticos en el mundo sanitario y hospitalario son m\u00faltiples: desde el almacenamiento de medicamentos hasta la preparaci\u00f3n para farmacias dentro de instalaciones hospitalarias, desde el almacenamiento de camas hasta el de pr\u00f3tesis o material quir\u00fargico.\" \/>\n<meta property=\"og:url\" content=\"https:\/\/www.modula.eu\/es\/caso-practico-almacenamiento-inteligente\/quimico-farmaceutico-biomedico\/xian\/\" \/>\n<meta property=\"og:site_name\" content=\"Modula\" \/>\n<meta property=\"article:modified_time\" content=\"2024-08-05T12:35:23+00:00\" \/>\n<meta property=\"og:image\" content=\"https:\/\/www.modula.eu\/wp-content\/uploads\/2023\/12\/Screenshot-2023-12-22-alle-14.26.16.png\" \/>\n\t<meta property=\"og:image:width\" content=\"1430\" \/>\n\t<meta property=\"og:image:height\" content=\"774\" \/>\n\t<meta property=\"og:image:type\" content=\"image\/png\" \/>\n<meta name=\"twitter:card\" content=\"summary_large_image\" \/>\n<script type=\"application\/ld+json\" class=\"yoast-schema-graph\">{\"@context\":\"https:\\\/\\\/schema.org\",\"@graph\":[{\"@type\":\"WebPage\",\"@id\":\"https:\\\/\\\/www.modula.eu\\\/es\\\/caso-practico-almacenamiento-inteligente\\\/quimico-farmaceutico-biomedico\\\/xian\\\/\",\"url\":\"https:\\\/\\\/www.modula.eu\\\/es\\\/caso-practico-almacenamiento-inteligente\\\/quimico-farmaceutico-biomedico\\\/xian\\\/\",\"name\":\"Almacenes autom\u00e1ticos Modula para el sector qu\u00edmico, farmac\u00e9utico: Xi'An\",\"isPartOf\":{\"@id\":\"https:\\\/\\\/www.modula.eu\\\/es\\\/#website\"},\"primaryImageOfPage\":{\"@id\":\"https:\\\/\\\/www.modula.eu\\\/es\\\/caso-practico-almacenamiento-inteligente\\\/quimico-farmaceutico-biomedico\\\/xian\\\/#primaryimage\"},\"image\":{\"@id\":\"https:\\\/\\\/www.modula.eu\\\/es\\\/caso-practico-almacenamiento-inteligente\\\/quimico-farmaceutico-biomedico\\\/xian\\\/#primaryimage\"},\"thumbnailUrl\":\"https:\\\/\\\/www.modula.eu\\\/wp-content\\\/uploads\\\/2023\\\/12\\\/Screenshot-2023-12-22-alle-14.26.16.png\",\"datePublished\":\"2023-12-22T13:24:24+00:00\",\"dateModified\":\"2024-08-05T12:35:23+00:00\",\"description\":\"Las aplicaciones de los almacenes verticales autom\u00e1ticos en el mundo sanitario y hospitalario son m\u00faltiples: desde el almacenamiento de medicamentos hasta la preparaci\u00f3n para farmacias dentro de instalaciones hospitalarias, desde el almacenamiento de camas hasta el de pr\u00f3tesis o material quir\u00fargico.\",\"breadcrumb\":{\"@id\":\"https:\\\/\\\/www.modula.eu\\\/es\\\/caso-practico-almacenamiento-inteligente\\\/quimico-farmaceutico-biomedico\\\/xian\\\/#breadcrumb\"},\"inLanguage\":\"es\",\"potentialAction\":[{\"@type\":\"ReadAction\",\"target\":[\"https:\\\/\\\/www.modula.eu\\\/es\\\/caso-practico-almacenamiento-inteligente\\\/quimico-farmaceutico-biomedico\\\/xian\\\/\"]}]},{\"@type\":\"ImageObject\",\"inLanguage\":\"es\",\"@id\":\"https:\\\/\\\/www.modula.eu\\\/es\\\/caso-practico-almacenamiento-inteligente\\\/quimico-farmaceutico-biomedico\\\/xian\\\/#primaryimage\",\"url\":\"https:\\\/\\\/www.modula.eu\\\/wp-content\\\/uploads\\\/2023\\\/12\\\/Screenshot-2023-12-22-alle-14.26.16.png\",\"contentUrl\":\"https:\\\/\\\/www.modula.eu\\\/wp-content\\\/uploads\\\/2023\\\/12\\\/Screenshot-2023-12-22-alle-14.26.16.png\",\"width\":1430,\"height\":774},{\"@type\":\"BreadcrumbList\",\"@id\":\"https:\\\/\\\/www.modula.eu\\\/es\\\/caso-practico-almacenamiento-inteligente\\\/quimico-farmaceutico-biomedico\\\/xian\\\/#breadcrumb\",\"itemListElement\":[{\"@type\":\"ListItem\",\"position\":1,\"name\":\"Home\",\"item\":\"https:\\\/\\\/www.modula.eu\\\/es\\\/\"},{\"@type\":\"ListItem\",\"position\":2,\"name\":\"Caso Pratico\",\"item\":\"https:\\\/\\\/www.modula.eu\\\/es\\\/caso-practico-almacenamiento-inteligente\\\/\"},{\"@type\":\"ListItem\",\"position\":3,\"name\":\"Qu\u00edmico\\\/farmac\u00e9utico\\\/biom\u00e9dico\",\"item\":\"https:\\\/\\\/www.modula.eu\\\/es\\\/caso-practico-almacenamiento-inteligente\\\/quimico-farmaceutico-biomedico\\\/\"},{\"@type\":\"ListItem\",\"position\":4,\"name\":\"Xi&#8217;An International Medical Center\"}]},{\"@type\":\"WebSite\",\"@id\":\"https:\\\/\\\/www.modula.eu\\\/es\\\/#website\",\"url\":\"https:\\\/\\\/www.modula.eu\\\/es\\\/\",\"name\":\"Modula S.p.A.\",\"description\":\"Think Vertical\",\"publisher\":{\"@id\":\"https:\\\/\\\/www.modula.eu\\\/es\\\/#organization\"},\"potentialAction\":[{\"@type\":\"SearchAction\",\"target\":{\"@type\":\"EntryPoint\",\"urlTemplate\":\"https:\\\/\\\/www.modula.eu\\\/es\\\/?s={search_term_string}\"},\"query-input\":{\"@type\":\"PropertyValueSpecification\",\"valueRequired\":true,\"valueName\":\"search_term_string\"}}],\"inLanguage\":\"es\"}]}<\/script>\n<!-- \/ Yoast SEO plugin. -->","yoast_head_json":{"title":"Almacenes autom\u00e1ticos Modula para el sector qu\u00edmico, farmac\u00e9utico: Xi'An","description":"Las aplicaciones de los almacenes verticales autom\u00e1ticos en el mundo sanitario y hospitalario son m\u00faltiples: desde el almacenamiento de medicamentos hasta la preparaci\u00f3n para farmacias dentro de instalaciones hospitalarias, desde el almacenamiento de camas hasta el de pr\u00f3tesis o material quir\u00fargico.","robots":{"index":"index","follow":"follow","max-snippet":"max-snippet:-1","max-image-preview":"max-image-preview:large","max-video-preview":"max-video-preview:-1"},"canonical":"https:\/\/www.modula.eu\/es\/caso-practico-almacenamiento-inteligente\/quimico-farmaceutico-biomedico\/xian\/","og_locale":"es_ES","og_type":"article","og_title":"Almacenes autom\u00e1ticos Modula para el sector qu\u00edmico, farmac\u00e9utico: Xi'An","og_description":"Las aplicaciones de los almacenes verticales autom\u00e1ticos en el mundo sanitario y hospitalario son m\u00faltiples: desde el almacenamiento de medicamentos hasta la preparaci\u00f3n para farmacias dentro de instalaciones hospitalarias, desde el almacenamiento de camas hasta el de pr\u00f3tesis o material quir\u00fargico.","og_url":"https:\/\/www.modula.eu\/es\/caso-practico-almacenamiento-inteligente\/quimico-farmaceutico-biomedico\/xian\/","og_site_name":"Modula","article_modified_time":"2024-08-05T12:35:23+00:00","og_image":[{"width":1430,"height":774,"url":"https:\/\/www.modula.eu\/wp-content\/uploads\/2023\/12\/Screenshot-2023-12-22-alle-14.26.16.png","type":"image\/png"}],"twitter_card":"summary_large_image","schema":{"@context":"https:\/\/schema.org","@graph":[{"@type":"WebPage","@id":"https:\/\/www.modula.eu\/es\/caso-practico-almacenamiento-inteligente\/quimico-farmaceutico-biomedico\/xian\/","url":"https:\/\/www.modula.eu\/es\/caso-practico-almacenamiento-inteligente\/quimico-farmaceutico-biomedico\/xian\/","name":"Almacenes autom\u00e1ticos Modula para el sector qu\u00edmico, farmac\u00e9utico: Xi'An","isPartOf":{"@id":"https:\/\/www.modula.eu\/es\/#website"},"primaryImageOfPage":{"@id":"https:\/\/www.modula.eu\/es\/caso-practico-almacenamiento-inteligente\/quimico-farmaceutico-biomedico\/xian\/#primaryimage"},"image":{"@id":"https:\/\/www.modula.eu\/es\/caso-practico-almacenamiento-inteligente\/quimico-farmaceutico-biomedico\/xian\/#primaryimage"},"thumbnailUrl":"https:\/\/www.modula.eu\/wp-content\/uploads\/2023\/12\/Screenshot-2023-12-22-alle-14.26.16.png","datePublished":"2023-12-22T13:24:24+00:00","dateModified":"2024-08-05T12:35:23+00:00","description":"Las aplicaciones de los almacenes verticales autom\u00e1ticos en el mundo sanitario y hospitalario son m\u00faltiples: desde el almacenamiento de medicamentos hasta la preparaci\u00f3n para farmacias dentro de instalaciones hospitalarias, desde el almacenamiento de camas hasta el de pr\u00f3tesis o material quir\u00fargico.","breadcrumb":{"@id":"https:\/\/www.modula.eu\/es\/caso-practico-almacenamiento-inteligente\/quimico-farmaceutico-biomedico\/xian\/#breadcrumb"},"inLanguage":"es","potentialAction":[{"@type":"ReadAction","target":["https:\/\/www.modula.eu\/es\/caso-practico-almacenamiento-inteligente\/quimico-farmaceutico-biomedico\/xian\/"]}]},{"@type":"ImageObject","inLanguage":"es","@id":"https:\/\/www.modula.eu\/es\/caso-practico-almacenamiento-inteligente\/quimico-farmaceutico-biomedico\/xian\/#primaryimage","url":"https:\/\/www.modula.eu\/wp-content\/uploads\/2023\/12\/Screenshot-2023-12-22-alle-14.26.16.png","contentUrl":"https:\/\/www.modula.eu\/wp-content\/uploads\/2023\/12\/Screenshot-2023-12-22-alle-14.26.16.png","width":1430,"height":774},{"@type":"BreadcrumbList","@id":"https:\/\/www.modula.eu\/es\/caso-practico-almacenamiento-inteligente\/quimico-farmaceutico-biomedico\/xian\/#breadcrumb","itemListElement":[{"@type":"ListItem","position":1,"name":"Home","item":"https:\/\/www.modula.eu\/es\/"},{"@type":"ListItem","position":2,"name":"Caso Pratico","item":"https:\/\/www.modula.eu\/es\/caso-practico-almacenamiento-inteligente\/"},{"@type":"ListItem","position":3,"name":"Qu\u00edmico\/farmac\u00e9utico\/biom\u00e9dico","item":"https:\/\/www.modula.eu\/es\/caso-practico-almacenamiento-inteligente\/quimico-farmaceutico-biomedico\/"},{"@type":"ListItem","position":4,"name":"Xi&#8217;An International Medical Center"}]},{"@type":"WebSite","@id":"https:\/\/www.modula.eu\/es\/#website","url":"https:\/\/www.modula.eu\/es\/","name":"Modula S.p.A.","description":"Think Vertical","publisher":{"@id":"https:\/\/www.modula.eu\/es\/#organization"},"potentialAction":[{"@type":"SearchAction","target":{"@type":"EntryPoint","urlTemplate":"https:\/\/www.modula.eu\/es\/?s={search_term_string}"},"query-input":{"@type":"PropertyValueSpecification","valueRequired":true,"valueName":"search_term_string"}}],"inLanguage":"es"}]}},"permalink_manager":null,"_links":{"self":[{"href":"https:\/\/www.modula.eu\/es\/wp-json\/wp\/v2\/pages\/29106","targetHints":{"allow":["GET"]}}],"collection":[{"href":"https:\/\/www.modula.eu\/es\/wp-json\/wp\/v2\/pages"}],"about":[{"href":"https:\/\/www.modula.eu\/es\/wp-json\/wp\/v2\/types\/page"}],"author":[{"embeddable":true,"href":"https:\/\/www.modula.eu\/es\/wp-json\/wp\/v2\/users\/1"}],"replies":[{"embeddable":true,"href":"https:\/\/www.modula.eu\/es\/wp-json\/wp\/v2\/comments?post=29106"}],"version-history":[{"count":0,"href":"https:\/\/www.modula.eu\/es\/wp-json\/wp\/v2\/pages\/29106\/revisions"}],"up":[{"embeddable":true,"href":"https:\/\/www.modula.eu\/es\/wp-json\/wp\/v2\/pages\/10151"}],"wp:featuredmedia":[{"embeddable":true,"href":"https:\/\/www.modula.eu\/es\/wp-json\/wp\/v2\/media\/29101"}],"wp:attachment":[{"href":"https:\/\/www.modula.eu\/es\/wp-json\/wp\/v2\/media?parent=29106"}],"curies":[{"name":"wp","href":"https:\/\/api.w.org\/{rel}","templated":true}]}}

<!-- This site is optimized with the Yoast SEO plugin v28.3 - https://yoast.com/product/yoast-seo-wordpress/ -->
<title>Almacenes automáticos Modula para el sector químico, farmacéutico: Xi&#039;An</title>
<meta name="description" content="Las aplicaciones de los almacenes verticales automáticos en el mundo sanitario y hospitalario son múltiples: desde el almacenamiento de medicamentos hasta la preparación para farmacias dentro de instalaciones hospitalarias, desde el almacenamiento de camas hasta el de prótesis o material quirúrgico." />
<meta name="robots" content="index, follow, max-snippet:-1, max-image-preview:large, max-video-preview:-1" />
<link rel="canonical" href="https://www.modula.eu/es/caso-practico-almacenamiento-inteligente/quimico-farmaceutico-biomedico/xian/" />
<meta property="og:locale" content="es_ES" />
<meta property="og:type" content="article" />
<meta property="og:title" content="Almacenes automáticos Modula para el sector químico, farmacéutico: Xi&#039;An" />
<meta property="og:description" content="Las aplicaciones de los almacenes verticales automáticos en el mundo sanitario y hospitalario son múltiples: desde el almacenamiento de medicamentos hasta la preparación para farmacias dentro de instalaciones hospitalarias, desde el almacenamiento de camas hasta el de prótesis o material quirúrgico." />
<meta property="og:url" content="https://www.modula.eu/es/caso-practico-almacenamiento-inteligente/quimico-farmaceutico-biomedico/xian/" />
<meta property="og:site_name" content="Modula" />
<meta property="article:modified_time" content="2024-08-05T12:35:23+00:00" />
<meta property="og:image" content="https://www.modula.eu/wp-content/uploads/2023/12/Screenshot-2023-12-22-alle-14.26.16.png" />
	<meta property="og:image:width" content="1430" />
	<meta property="og:image:height" content="774" />
	<meta property="og:image:type" content="image/png" />
<meta name="twitter:card" content="summary_large_image" />
<script type="application/ld+json" class="yoast-schema-graph">{"@context":"https:\/\/schema.org","@graph":[{"@type":"WebPage","@id":"https:\/\/www.modula.eu\/es\/caso-practico-almacenamiento-inteligente\/quimico-farmaceutico-biomedico\/xian\/","url":"https:\/\/www.modula.eu\/es\/caso-practico-almacenamiento-inteligente\/quimico-farmaceutico-biomedico\/xian\/","name":"Almacenes automáticos Modula para el sector químico, farmacéutico: Xi'An","isPartOf":{"@id":"https:\/\/www.modula.eu\/es\/#website"},"primaryImageOfPage":{"@id":"https:\/\/www.modula.eu\/es\/caso-practico-almacenamiento-inteligente\/quimico-farmaceutico-biomedico\/xian\/#primaryimage"},"image":{"@id":"https:\/\/www.modula.eu\/es\/caso-practico-almacenamiento-inteligente\/quimico-farmaceutico-biomedico\/xian\/#primaryimage"},"thumbnailUrl":"https:\/\/www.modula.eu\/wp-content\/uploads\/2023\/12\/Screenshot-2023-12-22-alle-14.26.16.png","datePublished":"2023-12-22T13:24:24+00:00","dateModified":"2024-08-05T12:35:23+00:00","description":"Las aplicaciones de los almacenes verticales automáticos en el mundo sanitario y hospitalario son múltiples: desde el almacenamiento de medicamentos hasta la preparación para farmacias dentro de instalaciones hospitalarias, desde el almacenamiento de camas hasta el de prótesis o material quirúrgico.","breadcrumb":{"@id":"https:\/\/www.modula.eu\/es\/caso-practico-almacenamiento-inteligente\/quimico-farmaceutico-biomedico\/xian\/#breadcrumb"},"inLanguage":"es","potentialAction":[{"@type":"ReadAction","target":["https:\/\/www.modula.eu\/es\/caso-practico-almacenamiento-inteligente\/quimico-farmaceutico-biomedico\/xian\/"]}]},{"@type":"ImageObject","inLanguage":"es","@id":"https:\/\/www.modula.eu\/es\/caso-practico-almacenamiento-inteligente\/quimico-farmaceutico-biomedico\/xian\/#primaryimage","url":"https:\/\/www.modula.eu\/wp-content\/uploads\/2023\/12\/Screenshot-2023-12-22-alle-14.26.16.png","contentUrl":"https:\/\/www.modula.eu\/wp-content\/uploads\/2023\/12\/Screenshot-2023-12-22-alle-14.26.16.png","width":1430,"height":774},{"@type":"BreadcrumbList","@id":"https:\/\/www.modula.eu\/es\/caso-practico-almacenamiento-inteligente\/quimico-farmaceutico-biomedico\/xian\/#breadcrumb","itemListElement":[{"@type":"ListItem","position":1,"name":"Home","item":"https:\/\/www.modula.eu\/es\/"},{"@type":"ListItem","position":2,"name":"Caso Pratico","item":"https:\/\/www.modula.eu\/es\/caso-practico-almacenamiento-inteligente\/"},{"@type":"ListItem","position":3,"name":"Químico\/farmacéutico\/biomédico","item":"https:\/\/www.modula.eu\/es\/caso-practico-almacenamiento-inteligente\/quimico-farmaceutico-biomedico\/"},{"@type":"ListItem","position":4,"name":"Xi&#8217;An International Medical Center"}]},{"@type":"WebSite","@id":"https:\/\/www.modula.eu\/es\/#website","url":"https:\/\/www.modula.eu\/es\/","name":"Modula S.p.A.","description":"Think Vertical","publisher":{"@id":"https:\/\/www.modula.eu\/es\/#organization"},"potentialAction":[{"@type":"SearchAction","target":{"@type":"EntryPoint","urlTemplate":"https:\/\/www.modula.eu\/es\/?s={search_term_string}"},"query-input":{"@type":"PropertyValueSpecification","valueRequired":true,"valueName":"search_term_string"}}],"inLanguage":"es"}]}</script>
<!-- / Yoast SEO plugin. -->

Almacenes automáticos Modula para el sector químico, farmacéutico: Xi'An

Las aplicaciones de los almacenes verticales automáticos en el mundo sanitario y hospitalario son múltiples: desde el almacenamiento de medicamentos hasta la preparación para farmacias dentro de instalaciones hospitalarias, desde el almacenamiento de camas hasta el de prótesis o material quirúrgico.

Químico/farmacéutico/biomédico
