{"id":7963,"date":"2022-09-13T13:40:11","date_gmt":"2022-09-13T11:40:11","guid":{"rendered":"https:\/\/www.modula.eu\/azienda\/condizioni-generali-di-compravendita-2\/"},"modified":"2025-04-14T15:39:24","modified_gmt":"2025-04-14T13:39:24","slug":"condizioni-generali-di-compravendita-2","status":"publish","type":"page","link":"https:\/\/www.modula.eu\/es\/modelo-de-organizacion-gestion-y-control-y-codigo-etico-de-modula\/","title":{"rendered":"Modelo de organizaci\u00f3n, gesti\u00f3n y control y c\u00f3digo \u00e9tico"},"content":{"rendered":"","protected":false},"excerpt":{"rendered":"","protected":false},"author":1,"featured_media":0,"parent":0,"menu_order":29,"comment_status":"closed","ping_status":"closed","template":"","meta":{"_acf_changed":false,"inline_featured_image":false,"mapsvg_location":"","footnotes":""},"class_list":["post-7963","page","type-page","status-publish","hentry"],"acf":[],"yoast_head":"<!-- This site is optimized with the Yoast SEO plugin v27.4 - https:\/\/yoast.com\/product\/yoast-seo-wordpress\/ -->\n<title>Modelo de organizaci\u00f3n, gesti\u00f3n y control y c\u00f3digo \u00e9tico | Modula<\/title>\n<meta name=\"description\" content=\"El Modelo de Organizaci\u00f3n, Gesti\u00f3n y Control de Modula S.p.A. incluye, como elemento esencial e inderogable, el \u201cC\u00f3digo \u00c9tico\u201d, herramienta a trav\u00e9s de la cual se definen los valores de Modula S.p.A.\" \/>\n<meta name=\"robots\" content=\"noindex, follow\" \/>\n<meta property=\"og:locale\" content=\"es_ES\" \/>\n<meta property=\"og:type\" content=\"article\" \/>\n<meta property=\"og:title\" content=\"Modelo de organizaci\u00f3n, gesti\u00f3n y control y c\u00f3digo \u00e9tico | Modula\" \/>\n<meta property=\"og:description\" content=\"El Modelo de Organizaci\u00f3n, Gesti\u00f3n y Control de Modula S.p.A. incluye, como elemento esencial e inderogable, el \u201cC\u00f3digo \u00c9tico\u201d, herramienta a trav\u00e9s de la cual se definen los valores de Modula S.p.A.\" \/>\n<meta property=\"og:url\" content=\"https:\/\/www.modula.eu\/es\/modelo-de-organizacion-gestion-y-control-y-codigo-etico-de-modula\/\" \/>\n<meta property=\"og:site_name\" content=\"Modula\" \/>\n<meta property=\"article:modified_time\" content=\"2025-04-14T13:39:24+00:00\" \/>\n<meta name=\"twitter:card\" content=\"summary_large_image\" \/>\n<script type=\"application\/ld+json\" class=\"yoast-schema-graph\">{\"@context\":\"https:\\\/\\\/schema.org\",\"@graph\":[{\"@type\":\"WebPage\",\"@id\":\"https:\\\/\\\/www.modula.eu\\\/es\\\/modelo-de-organizacion-gestion-y-control-y-codigo-etico-de-modula\\\/\",\"url\":\"https:\\\/\\\/www.modula.eu\\\/es\\\/modelo-de-organizacion-gestion-y-control-y-codigo-etico-de-modula\\\/\",\"name\":\"Modelo de organizaci\u00f3n, gesti\u00f3n y control y c\u00f3digo \u00e9tico | Modula\",\"isPartOf\":{\"@id\":\"https:\\\/\\\/www.modula.eu\\\/es\\\/#website\"},\"datePublished\":\"2022-09-13T11:40:11+00:00\",\"dateModified\":\"2025-04-14T13:39:24+00:00\",\"description\":\"El Modelo de Organizaci\u00f3n, Gesti\u00f3n y Control de Modula S.p.A. incluye, como elemento esencial e inderogable, el \u201cC\u00f3digo \u00c9tico\u201d, herramienta a trav\u00e9s de la cual se definen los valores de Modula S.p.A.\",\"breadcrumb\":{\"@id\":\"https:\\\/\\\/www.modula.eu\\\/es\\\/modelo-de-organizacion-gestion-y-control-y-codigo-etico-de-modula\\\/#breadcrumb\"},\"inLanguage\":\"es\",\"potentialAction\":[{\"@type\":\"ReadAction\",\"target\":[\"https:\\\/\\\/www.modula.eu\\\/es\\\/modelo-de-organizacion-gestion-y-control-y-codigo-etico-de-modula\\\/\"]}]},{\"@type\":\"BreadcrumbList\",\"@id\":\"https:\\\/\\\/www.modula.eu\\\/es\\\/modelo-de-organizacion-gestion-y-control-y-codigo-etico-de-modula\\\/#breadcrumb\",\"itemListElement\":[{\"@type\":\"ListItem\",\"position\":1,\"name\":\"Home\",\"item\":\"https:\\\/\\\/www.modula.eu\\\/es\\\/\"},{\"@type\":\"ListItem\",\"position\":2,\"name\":\"Modelo de organizaci\u00f3n, gesti\u00f3n y control y c\u00f3digo \u00e9tico\"}]},{\"@type\":\"WebSite\",\"@id\":\"https:\\\/\\\/www.modula.eu\\\/es\\\/#website\",\"url\":\"https:\\\/\\\/www.modula.eu\\\/es\\\/\",\"name\":\"Modula\",\"description\":\"Think Vertical\",\"publisher\":{\"@id\":\"https:\\\/\\\/www.modula.eu\\\/es\\\/#organization\"},\"potentialAction\":[{\"@type\":\"SearchAction\",\"target\":{\"@type\":\"EntryPoint\",\"urlTemplate\":\"https:\\\/\\\/www.modula.eu\\\/es\\\/?s={search_term_string}\"},\"query-input\":{\"@type\":\"PropertyValueSpecification\",\"valueRequired\":true,\"valueName\":\"search_term_string\"}}],\"inLanguage\":\"es\"},{\"@type\":\"Organization\",\"@id\":\"https:\\\/\\\/www.modula.eu\\\/es\\\/#organization\",\"name\":\"Modula\",\"url\":\"https:\\\/\\\/www.modula.eu\\\/es\\\/\",\"logo\":{\"@type\":\"ImageObject\",\"inLanguage\":\"es\",\"@id\":\"https:\\\/\\\/www.modula.eu\\\/es\\\/#\\\/schema\\\/logo\\\/image\\\/\",\"url\":\"https:\\\/\\\/www.modula.eu\\\/wp-content\\\/uploads\\\/2022\\\/12\\\/Modula-logo.jpg\",\"contentUrl\":\"https:\\\/\\\/www.modula.eu\\\/wp-content\\\/uploads\\\/2022\\\/12\\\/Modula-logo.jpg\",\"width\":759,\"height\":512,\"caption\":\"Modula\"},\"image\":{\"@id\":\"https:\\\/\\\/www.modula.eu\\\/es\\\/#\\\/schema\\\/logo\\\/image\\\/\"}}]}<\/script>\n<!-- \/ Yoast SEO plugin. -->","yoast_head_json":{"title":"Modelo de organizaci\u00f3n, gesti\u00f3n y control y c\u00f3digo \u00e9tico | Modula","description":"El Modelo de Organizaci\u00f3n, Gesti\u00f3n y Control de Modula S.p.A. incluye, como elemento esencial e inderogable, el \u201cC\u00f3digo \u00c9tico\u201d, herramienta a trav\u00e9s de la cual se definen los valores de Modula S.p.A.","robots":{"index":"noindex","follow":"follow"},"og_locale":"es_ES","og_type":"article","og_title":"Modelo de organizaci\u00f3n, gesti\u00f3n y control y c\u00f3digo \u00e9tico | Modula","og_description":"El Modelo de Organizaci\u00f3n, Gesti\u00f3n y Control de Modula S.p.A. incluye, como elemento esencial e inderogable, el \u201cC\u00f3digo \u00c9tico\u201d, herramienta a trav\u00e9s de la cual se definen los valores de Modula S.p.A.","og_url":"https:\/\/www.modula.eu\/es\/modelo-de-organizacion-gestion-y-control-y-codigo-etico-de-modula\/","og_site_name":"Modula","article_modified_time":"2025-04-14T13:39:24+00:00","twitter_card":"summary_large_image","schema":{"@context":"https:\/\/schema.org","@graph":[{"@type":"WebPage","@id":"https:\/\/www.modula.eu\/es\/modelo-de-organizacion-gestion-y-control-y-codigo-etico-de-modula\/","url":"https:\/\/www.modula.eu\/es\/modelo-de-organizacion-gestion-y-control-y-codigo-etico-de-modula\/","name":"Modelo de organizaci\u00f3n, gesti\u00f3n y control y c\u00f3digo \u00e9tico | Modula","isPartOf":{"@id":"https:\/\/www.modula.eu\/es\/#website"},"datePublished":"2022-09-13T11:40:11+00:00","dateModified":"2025-04-14T13:39:24+00:00","description":"El Modelo de Organizaci\u00f3n, Gesti\u00f3n y Control de Modula S.p.A. incluye, como elemento esencial e inderogable, el \u201cC\u00f3digo \u00c9tico\u201d, herramienta a trav\u00e9s de la cual se definen los valores de Modula S.p.A.","breadcrumb":{"@id":"https:\/\/www.modula.eu\/es\/modelo-de-organizacion-gestion-y-control-y-codigo-etico-de-modula\/#breadcrumb"},"inLanguage":"es","potentialAction":[{"@type":"ReadAction","target":["https:\/\/www.modula.eu\/es\/modelo-de-organizacion-gestion-y-control-y-codigo-etico-de-modula\/"]}]},{"@type":"BreadcrumbList","@id":"https:\/\/www.modula.eu\/es\/modelo-de-organizacion-gestion-y-control-y-codigo-etico-de-modula\/#breadcrumb","itemListElement":[{"@type":"ListItem","position":1,"name":"Home","item":"https:\/\/www.modula.eu\/es\/"},{"@type":"ListItem","position":2,"name":"Modelo de organizaci\u00f3n, gesti\u00f3n y control y c\u00f3digo \u00e9tico"}]},{"@type":"WebSite","@id":"https:\/\/www.modula.eu\/es\/#website","url":"https:\/\/www.modula.eu\/es\/","name":"Modula","description":"Think Vertical","publisher":{"@id":"https:\/\/www.modula.eu\/es\/#organization"},"potentialAction":[{"@type":"SearchAction","target":{"@type":"EntryPoint","urlTemplate":"https:\/\/www.modula.eu\/es\/?s={search_term_string}"},"query-input":{"@type":"PropertyValueSpecification","valueRequired":true,"valueName":"search_term_string"}}],"inLanguage":"es"},{"@type":"Organization","@id":"https:\/\/www.modula.eu\/es\/#organization","name":"Modula","url":"https:\/\/www.modula.eu\/es\/","logo":{"@type":"ImageObject","inLanguage":"es","@id":"https:\/\/www.modula.eu\/es\/#\/schema\/logo\/image\/","url":"https:\/\/www.modula.eu\/wp-content\/uploads\/2022\/12\/Modula-logo.jpg","contentUrl":"https:\/\/www.modula.eu\/wp-content\/uploads\/2022\/12\/Modula-logo.jpg","width":759,"height":512,"caption":"Modula"},"image":{"@id":"https:\/\/www.modula.eu\/es\/#\/schema\/logo\/image\/"}}]}},"_links":{"self":[{"href":"https:\/\/www.modula.eu\/es\/wp-json\/wp\/v2\/pages\/7963","targetHints":{"allow":["GET"]}}],"collection":[{"href":"https:\/\/www.modula.eu\/es\/wp-json\/wp\/v2\/pages"}],"about":[{"href":"https:\/\/www.modula.eu\/es\/wp-json\/wp\/v2\/types\/page"}],"author":[{"embeddable":true,"href":"https:\/\/www.modula.eu\/es\/wp-json\/wp\/v2\/users\/1"}],"replies":[{"embeddable":true,"href":"https:\/\/www.modula.eu\/es\/wp-json\/wp\/v2\/comments?post=7963"}],"version-history":[{"count":0,"href":"https:\/\/www.modula.eu\/es\/wp-json\/wp\/v2\/pages\/7963\/revisions"}],"wp:attachment":[{"href":"https:\/\/www.modula.eu\/es\/wp-json\/wp\/v2\/media?parent=7963"}],"curies":[{"name":"wp","href":"https:\/\/api.w.org\/{rel}","templated":true}]}}

Modelo de organización, gestión y control y código ético

<!-- This site is optimized with the Yoast SEO plugin v27.4 - https://yoast.com/product/yoast-seo-wordpress/ -->
<title>Modelo de organización, gestión y control y código ético | Modula</title>
<meta name="description" content="El Modelo de Organización, Gestión y Control de Modula S.p.A. incluye, como elemento esencial e inderogable, el “Código Ético”, herramienta a través de la cual se definen los valores de Modula S.p.A." />
<meta name="robots" content="noindex, follow" />
<meta property="og:locale" content="es_ES" />
<meta property="og:type" content="article" />
<meta property="og:title" content="Modelo de organización, gestión y control y código ético | Modula" />
<meta property="og:description" content="El Modelo de Organización, Gestión y Control de Modula S.p.A. incluye, como elemento esencial e inderogable, el “Código Ético”, herramienta a través de la cual se definen los valores de Modula S.p.A." />
<meta property="og:url" content="https://www.modula.eu/es/modelo-de-organizacion-gestion-y-control-y-codigo-etico-de-modula/" />
<meta property="og:site_name" content="Modula" />
<meta property="article:modified_time" content="2025-04-14T13:39:24+00:00" />
<meta name="twitter:card" content="summary_large_image" />
<script type="application/ld+json" class="yoast-schema-graph">{"@context":"https:\/\/schema.org","@graph":[{"@type":"WebPage","@id":"https:\/\/www.modula.eu\/es\/modelo-de-organizacion-gestion-y-control-y-codigo-etico-de-modula\/","url":"https:\/\/www.modula.eu\/es\/modelo-de-organizacion-gestion-y-control-y-codigo-etico-de-modula\/","name":"Modelo de organización, gestión y control y código ético | Modula","isPartOf":{"@id":"https:\/\/www.modula.eu\/es\/#website"},"datePublished":"2022-09-13T11:40:11+00:00","dateModified":"2025-04-14T13:39:24+00:00","description":"El Modelo de Organización, Gestión y Control de Modula S.p.A. incluye, como elemento esencial e inderogable, el “Código Ético”, herramienta a través de la cual se definen los valores de Modula S.p.A.","breadcrumb":{"@id":"https:\/\/www.modula.eu\/es\/modelo-de-organizacion-gestion-y-control-y-codigo-etico-de-modula\/#breadcrumb"},"inLanguage":"es","potentialAction":[{"@type":"ReadAction","target":["https:\/\/www.modula.eu\/es\/modelo-de-organizacion-gestion-y-control-y-codigo-etico-de-modula\/"]}]},{"@type":"BreadcrumbList","@id":"https:\/\/www.modula.eu\/es\/modelo-de-organizacion-gestion-y-control-y-codigo-etico-de-modula\/#breadcrumb","itemListElement":[{"@type":"ListItem","position":1,"name":"Home","item":"https:\/\/www.modula.eu\/es\/"},{"@type":"ListItem","position":2,"name":"Modelo de organización, gestión y control y código ético"}]},{"@type":"WebSite","@id":"https:\/\/www.modula.eu\/es\/#website","url":"https:\/\/www.modula.eu\/es\/","name":"Modula","description":"Think Vertical","publisher":{"@id":"https:\/\/www.modula.eu\/es\/#organization"},"potentialAction":[{"@type":"SearchAction","target":{"@type":"EntryPoint","urlTemplate":"https:\/\/www.modula.eu\/es\/?s={search_term_string}"},"query-input":{"@type":"PropertyValueSpecification","valueRequired":true,"valueName":"search_term_string"}}],"inLanguage":"es"},{"@type":"Organization","@id":"https:\/\/www.modula.eu\/es\/#organization","name":"Modula","url":"https:\/\/www.modula.eu\/es\/","logo":{"@type":"ImageObject","inLanguage":"es","@id":"https:\/\/www.modula.eu\/es\/#\/schema\/logo\/image\/","url":"https:\/\/www.modula.eu\/wp-content\/uploads\/2022\/12\/Modula-logo.jpg","contentUrl":"https:\/\/www.modula.eu\/wp-content\/uploads\/2022\/12\/Modula-logo.jpg","width":759,"height":512,"caption":"Modula"},"image":{"@id":"https:\/\/www.modula.eu\/es\/#\/schema\/logo\/image\/"}}]}</script>
<!-- / Yoast SEO plugin. -->

Modelo de organización, gestión y control y código ético | Modula

El Modelo de Organización, Gestión y Control de Modula S.p.A. incluye, como elemento esencial e inderogable, el “Código Ético”, herramienta a través de la cual se definen los valores de Modula S.p.A.
