{"id":8048,"date":"2022-10-10T12:02:50","date_gmt":"2022-10-10T10:02:50","guid":{"rendered":"https:\/\/www.modula.eu\/prodotti-2\/soluzioni-verticali\/modula-lift\/"},"modified":"2025-10-29T08:33:20","modified_gmt":"2025-10-29T07:33:20","slug":"modula-lift","status":"publish","type":"page","link":"https:\/\/www.modula.eu\/es\/almacenes-verticales-automatizados\/almacen-con-bandejas-modula-lift\/","title":{"rendered":"Modula Lift"},"content":{"rendered":"","protected":false},"excerpt":{"rendered":"","protected":false},"author":1,"featured_media":5698,"parent":8039,"menu_order":0,"comment_status":"closed","ping_status":"closed","template":"product-single.php","meta":{"_acf_changed":false,"inline_featured_image":false,"mapsvg_location":"","footnotes":""},"class_list":["post-8048","page","type-page","status-publish","has-post-thumbnail","hentry"],"acf":[],"yoast_head":"<!-- This site is optimized with the Yoast SEO plugin v27.4 - https:\/\/yoast.com\/product\/yoast-seo-wordpress\/ -->\n<title>Modula Lift: Almac\u00e9n Vertical de Cajones, Almac\u00e9n Vertical Autom\u00e1tico | Modula<\/title>\n<meta name=\"description\" content=\"Modula Lift vertical, la soluci\u00f3n de almacenes verticales automatizados, resuelve tus problemas de espacio, seguridad y protecci\u00f3n. Descubre sus ventajas.\" \/>\n<meta name=\"robots\" content=\"index, follow, max-snippet:-1, max-image-preview:large, max-video-preview:-1\" \/>\n<link rel=\"canonical\" href=\"https:\/\/www.modula.eu\/es\/almacenes-verticales-automatizados\/almacen-con-bandejas-modula-lift\/\" \/>\n<meta property=\"og:locale\" content=\"es_ES\" \/>\n<meta property=\"og:type\" content=\"article\" \/>\n<meta property=\"og:title\" content=\"Modula Lift: Almac\u00e9n Vertical de Cajones, Almac\u00e9n Vertical Autom\u00e1tico | Modula\" \/>\n<meta property=\"og:description\" content=\"Modula Lift vertical, la soluci\u00f3n de almacenes verticales automatizados, resuelve tus problemas de espacio, seguridad y protecci\u00f3n. Descubre sus ventajas.\" \/>\n<meta property=\"og:url\" content=\"https:\/\/www.modula.eu\/es\/almacenes-verticales-automatizados\/almacen-con-bandejas-modula-lift\/\" \/>\n<meta property=\"og:site_name\" content=\"Modula\" \/>\n<meta property=\"article:modified_time\" content=\"2025-10-29T07:33:20+00:00\" \/>\n<meta property=\"og:image\" content=\"https:\/\/www.modula.eu\/wp-content\/uploads\/2022\/09\/Modula-lift-3D.jpg\" \/>\n\t<meta property=\"og:image:width\" content=\"900\" \/>\n\t<meta property=\"og:image:height\" content=\"1196\" \/>\n\t<meta property=\"og:image:type\" content=\"image\/jpeg\" \/>\n<meta name=\"twitter:card\" content=\"summary_large_image\" \/>\n<script type=\"application\/ld+json\" class=\"yoast-schema-graph\">{\"@context\":\"https:\\\/\\\/schema.org\",\"@graph\":[{\"@type\":\"WebPage\",\"@id\":\"https:\\\/\\\/www.modula.eu\\\/es\\\/almacenes-verticales-automatizados\\\/almacen-con-bandejas-modula-lift\\\/\",\"url\":\"https:\\\/\\\/www.modula.eu\\\/es\\\/almacenes-verticales-automatizados\\\/almacen-con-bandejas-modula-lift\\\/\",\"name\":\"Modula Lift: Almac\u00e9n Vertical de Cajones, Almac\u00e9n Vertical Autom\u00e1tico | Modula\",\"isPartOf\":{\"@id\":\"https:\\\/\\\/www.modula.eu\\\/es\\\/#website\"},\"primaryImageOfPage\":{\"@id\":\"https:\\\/\\\/www.modula.eu\\\/es\\\/almacenes-verticales-automatizados\\\/almacen-con-bandejas-modula-lift\\\/#primaryimage\"},\"image\":{\"@id\":\"https:\\\/\\\/www.modula.eu\\\/es\\\/almacenes-verticales-automatizados\\\/almacen-con-bandejas-modula-lift\\\/#primaryimage\"},\"thumbnailUrl\":\"https:\\\/\\\/www.modula.eu\\\/wp-content\\\/uploads\\\/2022\\\/09\\\/Modula-lift-3D.jpg\",\"datePublished\":\"2022-10-10T10:02:50+00:00\",\"dateModified\":\"2025-10-29T07:33:20+00:00\",\"description\":\"Modula Lift vertical, la soluci\u00f3n de almacenes verticales automatizados, resuelve tus problemas de espacio, seguridad y protecci\u00f3n. Descubre sus ventajas.\",\"breadcrumb\":{\"@id\":\"https:\\\/\\\/www.modula.eu\\\/es\\\/almacenes-verticales-automatizados\\\/almacen-con-bandejas-modula-lift\\\/#breadcrumb\"},\"inLanguage\":\"es\",\"potentialAction\":[{\"@type\":\"ReadAction\",\"target\":[\"https:\\\/\\\/www.modula.eu\\\/es\\\/almacenes-verticales-automatizados\\\/almacen-con-bandejas-modula-lift\\\/\"]}]},{\"@type\":\"ImageObject\",\"inLanguage\":\"es\",\"@id\":\"https:\\\/\\\/www.modula.eu\\\/es\\\/almacenes-verticales-automatizados\\\/almacen-con-bandejas-modula-lift\\\/#primaryimage\",\"url\":\"https:\\\/\\\/www.modula.eu\\\/wp-content\\\/uploads\\\/2022\\\/09\\\/Modula-lift-3D.jpg\",\"contentUrl\":\"https:\\\/\\\/www.modula.eu\\\/wp-content\\\/uploads\\\/2022\\\/09\\\/Modula-lift-3D.jpg\",\"width\":900,\"height\":1196},{\"@type\":\"BreadcrumbList\",\"@id\":\"https:\\\/\\\/www.modula.eu\\\/es\\\/almacenes-verticales-automatizados\\\/almacen-con-bandejas-modula-lift\\\/#breadcrumb\",\"itemListElement\":[{\"@type\":\"ListItem\",\"position\":1,\"name\":\"Home\",\"item\":\"https:\\\/\\\/www.modula.eu\\\/es\\\/\"},{\"@type\":\"ListItem\",\"position\":2,\"name\":\"Productos\",\"item\":\"https:\\\/\\\/www.modula.eu\\\/es\\\/sistemas-de-almacenaje\\\/\"},{\"@type\":\"ListItem\",\"position\":3,\"name\":\"Almacenes verticales automatizados\",\"item\":\"https:\\\/\\\/www.modula.eu\\\/es\\\/almacenes-verticales-automatizados\\\/\"},{\"@type\":\"ListItem\",\"position\":4,\"name\":\"Modula Lift\"}]},{\"@type\":\"WebSite\",\"@id\":\"https:\\\/\\\/www.modula.eu\\\/es\\\/#website\",\"url\":\"https:\\\/\\\/www.modula.eu\\\/es\\\/\",\"name\":\"Modula\",\"description\":\"Think Vertical\",\"publisher\":{\"@id\":\"https:\\\/\\\/www.modula.eu\\\/es\\\/#organization\"},\"potentialAction\":[{\"@type\":\"SearchAction\",\"target\":{\"@type\":\"EntryPoint\",\"urlTemplate\":\"https:\\\/\\\/www.modula.eu\\\/es\\\/?s={search_term_string}\"},\"query-input\":{\"@type\":\"PropertyValueSpecification\",\"valueRequired\":true,\"valueName\":\"search_term_string\"}}],\"inLanguage\":\"es\"},{\"@type\":\"Organization\",\"@id\":\"https:\\\/\\\/www.modula.eu\\\/es\\\/#organization\",\"name\":\"Modula\",\"url\":\"https:\\\/\\\/www.modula.eu\\\/es\\\/\",\"logo\":{\"@type\":\"ImageObject\",\"inLanguage\":\"es\",\"@id\":\"https:\\\/\\\/www.modula.eu\\\/es\\\/#\\\/schema\\\/logo\\\/image\\\/\",\"url\":\"https:\\\/\\\/www.modula.eu\\\/wp-content\\\/uploads\\\/2022\\\/12\\\/Modula-logo.jpg\",\"contentUrl\":\"https:\\\/\\\/www.modula.eu\\\/wp-content\\\/uploads\\\/2022\\\/12\\\/Modula-logo.jpg\",\"width\":759,\"height\":512,\"caption\":\"Modula\"},\"image\":{\"@id\":\"https:\\\/\\\/www.modula.eu\\\/es\\\/#\\\/schema\\\/logo\\\/image\\\/\"}}]}<\/script>\n<!-- \/ Yoast SEO plugin. -->","yoast_head_json":{"title":"Modula Lift: Almac\u00e9n Vertical de Cajones, Almac\u00e9n Vertical Autom\u00e1tico | Modula","description":"Modula Lift vertical, la soluci\u00f3n de almacenes verticales automatizados, resuelve tus problemas de espacio, seguridad y protecci\u00f3n. Descubre sus ventajas.","robots":{"index":"index","follow":"follow","max-snippet":"max-snippet:-1","max-image-preview":"max-image-preview:large","max-video-preview":"max-video-preview:-1"},"canonical":"https:\/\/www.modula.eu\/es\/almacenes-verticales-automatizados\/almacen-con-bandejas-modula-lift\/","og_locale":"es_ES","og_type":"article","og_title":"Modula Lift: Almac\u00e9n Vertical de Cajones, Almac\u00e9n Vertical Autom\u00e1tico | Modula","og_description":"Modula Lift vertical, la soluci\u00f3n de almacenes verticales automatizados, resuelve tus problemas de espacio, seguridad y protecci\u00f3n. Descubre sus ventajas.","og_url":"https:\/\/www.modula.eu\/es\/almacenes-verticales-automatizados\/almacen-con-bandejas-modula-lift\/","og_site_name":"Modula","article_modified_time":"2025-10-29T07:33:20+00:00","og_image":[{"width":900,"height":1196,"url":"https:\/\/www.modula.eu\/wp-content\/uploads\/2022\/09\/Modula-lift-3D.jpg","type":"image\/jpeg"}],"twitter_card":"summary_large_image","schema":{"@context":"https:\/\/schema.org","@graph":[{"@type":"WebPage","@id":"https:\/\/www.modula.eu\/es\/almacenes-verticales-automatizados\/almacen-con-bandejas-modula-lift\/","url":"https:\/\/www.modula.eu\/es\/almacenes-verticales-automatizados\/almacen-con-bandejas-modula-lift\/","name":"Modula Lift: Almac\u00e9n Vertical de Cajones, Almac\u00e9n Vertical Autom\u00e1tico | Modula","isPartOf":{"@id":"https:\/\/www.modula.eu\/es\/#website"},"primaryImageOfPage":{"@id":"https:\/\/www.modula.eu\/es\/almacenes-verticales-automatizados\/almacen-con-bandejas-modula-lift\/#primaryimage"},"image":{"@id":"https:\/\/www.modula.eu\/es\/almacenes-verticales-automatizados\/almacen-con-bandejas-modula-lift\/#primaryimage"},"thumbnailUrl":"https:\/\/www.modula.eu\/wp-content\/uploads\/2022\/09\/Modula-lift-3D.jpg","datePublished":"2022-10-10T10:02:50+00:00","dateModified":"2025-10-29T07:33:20+00:00","description":"Modula Lift vertical, la soluci\u00f3n de almacenes verticales automatizados, resuelve tus problemas de espacio, seguridad y protecci\u00f3n. Descubre sus ventajas.","breadcrumb":{"@id":"https:\/\/www.modula.eu\/es\/almacenes-verticales-automatizados\/almacen-con-bandejas-modula-lift\/#breadcrumb"},"inLanguage":"es","potentialAction":[{"@type":"ReadAction","target":["https:\/\/www.modula.eu\/es\/almacenes-verticales-automatizados\/almacen-con-bandejas-modula-lift\/"]}]},{"@type":"ImageObject","inLanguage":"es","@id":"https:\/\/www.modula.eu\/es\/almacenes-verticales-automatizados\/almacen-con-bandejas-modula-lift\/#primaryimage","url":"https:\/\/www.modula.eu\/wp-content\/uploads\/2022\/09\/Modula-lift-3D.jpg","contentUrl":"https:\/\/www.modula.eu\/wp-content\/uploads\/2022\/09\/Modula-lift-3D.jpg","width":900,"height":1196},{"@type":"BreadcrumbList","@id":"https:\/\/www.modula.eu\/es\/almacenes-verticales-automatizados\/almacen-con-bandejas-modula-lift\/#breadcrumb","itemListElement":[{"@type":"ListItem","position":1,"name":"Home","item":"https:\/\/www.modula.eu\/es\/"},{"@type":"ListItem","position":2,"name":"Productos","item":"https:\/\/www.modula.eu\/es\/sistemas-de-almacenaje\/"},{"@type":"ListItem","position":3,"name":"Almacenes verticales automatizados","item":"https:\/\/www.modula.eu\/es\/almacenes-verticales-automatizados\/"},{"@type":"ListItem","position":4,"name":"Modula Lift"}]},{"@type":"WebSite","@id":"https:\/\/www.modula.eu\/es\/#website","url":"https:\/\/www.modula.eu\/es\/","name":"Modula","description":"Think Vertical","publisher":{"@id":"https:\/\/www.modula.eu\/es\/#organization"},"potentialAction":[{"@type":"SearchAction","target":{"@type":"EntryPoint","urlTemplate":"https:\/\/www.modula.eu\/es\/?s={search_term_string}"},"query-input":{"@type":"PropertyValueSpecification","valueRequired":true,"valueName":"search_term_string"}}],"inLanguage":"es"},{"@type":"Organization","@id":"https:\/\/www.modula.eu\/es\/#organization","name":"Modula","url":"https:\/\/www.modula.eu\/es\/","logo":{"@type":"ImageObject","inLanguage":"es","@id":"https:\/\/www.modula.eu\/es\/#\/schema\/logo\/image\/","url":"https:\/\/www.modula.eu\/wp-content\/uploads\/2022\/12\/Modula-logo.jpg","contentUrl":"https:\/\/www.modula.eu\/wp-content\/uploads\/2022\/12\/Modula-logo.jpg","width":759,"height":512,"caption":"Modula"},"image":{"@id":"https:\/\/www.modula.eu\/es\/#\/schema\/logo\/image\/"}}]}},"_links":{"self":[{"href":"https:\/\/www.modula.eu\/es\/wp-json\/wp\/v2\/pages\/8048","targetHints":{"allow":["GET"]}}],"collection":[{"href":"https:\/\/www.modula.eu\/es\/wp-json\/wp\/v2\/pages"}],"about":[{"href":"https:\/\/www.modula.eu\/es\/wp-json\/wp\/v2\/types\/page"}],"author":[{"embeddable":true,"href":"https:\/\/www.modula.eu\/es\/wp-json\/wp\/v2\/users\/1"}],"replies":[{"embeddable":true,"href":"https:\/\/www.modula.eu\/es\/wp-json\/wp\/v2\/comments?post=8048"}],"version-history":[{"count":0,"href":"https:\/\/www.modula.eu\/es\/wp-json\/wp\/v2\/pages\/8048\/revisions"}],"up":[{"embeddable":true,"href":"https:\/\/www.modula.eu\/es\/wp-json\/wp\/v2\/pages\/8039"}],"wp:featuredmedia":[{"embeddable":true,"href":"https:\/\/www.modula.eu\/es\/wp-json\/wp\/v2\/media\/5698"}],"wp:attachment":[{"href":"https:\/\/www.modula.eu\/es\/wp-json\/wp\/v2\/media?parent=8048"}],"curies":[{"name":"wp","href":"https:\/\/api.w.org\/{rel}","templated":true}]}}

<!-- This site is optimized with the Yoast SEO plugin v27.4 - https://yoast.com/product/yoast-seo-wordpress/ -->
<title>Modula Lift: Almacén Vertical de Cajones, Almacén Vertical Automático | Modula</title>
<meta name="description" content="Modula Lift vertical, la solución de almacenes verticales automatizados, resuelve tus problemas de espacio, seguridad y protección. Descubre sus ventajas." />
<meta name="robots" content="index, follow, max-snippet:-1, max-image-preview:large, max-video-preview:-1" />
<link rel="canonical" href="https://www.modula.eu/es/almacenes-verticales-automatizados/almacen-con-bandejas-modula-lift/" />
<meta property="og:locale" content="es_ES" />
<meta property="og:type" content="article" />
<meta property="og:title" content="Modula Lift: Almacén Vertical de Cajones, Almacén Vertical Automático | Modula" />
<meta property="og:description" content="Modula Lift vertical, la solución de almacenes verticales automatizados, resuelve tus problemas de espacio, seguridad y protección. Descubre sus ventajas." />
<meta property="og:url" content="https://www.modula.eu/es/almacenes-verticales-automatizados/almacen-con-bandejas-modula-lift/" />
<meta property="og:site_name" content="Modula" />
<meta property="article:modified_time" content="2025-10-29T07:33:20+00:00" />
<meta property="og:image" content="https://www.modula.eu/wp-content/uploads/2022/09/Modula-lift-3D.jpg" />
	<meta property="og:image:width" content="900" />
	<meta property="og:image:height" content="1196" />
	<meta property="og:image:type" content="image/jpeg" />
<meta name="twitter:card" content="summary_large_image" />
<script type="application/ld+json" class="yoast-schema-graph">{"@context":"https:\/\/schema.org","@graph":[{"@type":"WebPage","@id":"https:\/\/www.modula.eu\/es\/almacenes-verticales-automatizados\/almacen-con-bandejas-modula-lift\/","url":"https:\/\/www.modula.eu\/es\/almacenes-verticales-automatizados\/almacen-con-bandejas-modula-lift\/","name":"Modula Lift: Almacén Vertical de Cajones, Almacén Vertical Automático | Modula","isPartOf":{"@id":"https:\/\/www.modula.eu\/es\/#website"},"primaryImageOfPage":{"@id":"https:\/\/www.modula.eu\/es\/almacenes-verticales-automatizados\/almacen-con-bandejas-modula-lift\/#primaryimage"},"image":{"@id":"https:\/\/www.modula.eu\/es\/almacenes-verticales-automatizados\/almacen-con-bandejas-modula-lift\/#primaryimage"},"thumbnailUrl":"https:\/\/www.modula.eu\/wp-content\/uploads\/2022\/09\/Modula-lift-3D.jpg","datePublished":"2022-10-10T10:02:50+00:00","dateModified":"2025-10-29T07:33:20+00:00","description":"Modula Lift vertical, la solución de almacenes verticales automatizados, resuelve tus problemas de espacio, seguridad y protección. Descubre sus ventajas.","breadcrumb":{"@id":"https:\/\/www.modula.eu\/es\/almacenes-verticales-automatizados\/almacen-con-bandejas-modula-lift\/#breadcrumb"},"inLanguage":"es","potentialAction":[{"@type":"ReadAction","target":["https:\/\/www.modula.eu\/es\/almacenes-verticales-automatizados\/almacen-con-bandejas-modula-lift\/"]}]},{"@type":"ImageObject","inLanguage":"es","@id":"https:\/\/www.modula.eu\/es\/almacenes-verticales-automatizados\/almacen-con-bandejas-modula-lift\/#primaryimage","url":"https:\/\/www.modula.eu\/wp-content\/uploads\/2022\/09\/Modula-lift-3D.jpg","contentUrl":"https:\/\/www.modula.eu\/wp-content\/uploads\/2022\/09\/Modula-lift-3D.jpg","width":900,"height":1196},{"@type":"BreadcrumbList","@id":"https:\/\/www.modula.eu\/es\/almacenes-verticales-automatizados\/almacen-con-bandejas-modula-lift\/#breadcrumb","itemListElement":[{"@type":"ListItem","position":1,"name":"Home","item":"https:\/\/www.modula.eu\/es\/"},{"@type":"ListItem","position":2,"name":"Productos","item":"https:\/\/www.modula.eu\/es\/sistemas-de-almacenaje\/"},{"@type":"ListItem","position":3,"name":"Almacenes verticales automatizados","item":"https:\/\/www.modula.eu\/es\/almacenes-verticales-automatizados\/"},{"@type":"ListItem","position":4,"name":"Modula Lift"}]},{"@type":"WebSite","@id":"https:\/\/www.modula.eu\/es\/#website","url":"https:\/\/www.modula.eu\/es\/","name":"Modula","description":"Think Vertical","publisher":{"@id":"https:\/\/www.modula.eu\/es\/#organization"},"potentialAction":[{"@type":"SearchAction","target":{"@type":"EntryPoint","urlTemplate":"https:\/\/www.modula.eu\/es\/?s={search_term_string}"},"query-input":{"@type":"PropertyValueSpecification","valueRequired":true,"valueName":"search_term_string"}}],"inLanguage":"es"},{"@type":"Organization","@id":"https:\/\/www.modula.eu\/es\/#organization","name":"Modula","url":"https:\/\/www.modula.eu\/es\/","logo":{"@type":"ImageObject","inLanguage":"es","@id":"https:\/\/www.modula.eu\/es\/#\/schema\/logo\/image\/","url":"https:\/\/www.modula.eu\/wp-content\/uploads\/2022\/12\/Modula-logo.jpg","contentUrl":"https:\/\/www.modula.eu\/wp-content\/uploads\/2022\/12\/Modula-logo.jpg","width":759,"height":512,"caption":"Modula"},"image":{"@id":"https:\/\/www.modula.eu\/es\/#\/schema\/logo\/image\/"}}]}</script>
<!-- / Yoast SEO plugin. -->

Modula Lift: Almacén Vertical de Cajones, Almacén Vertical Automático | Modula

Modula Lift vertical, la solución de almacenes verticales automatizados, resuelve tus problemas de espacio, seguridad y protección. Descubre sus ventajas.
