{"id":22908,"date":"2023-03-24T09:24:33","date_gmt":"2023-03-24T08:24:33","guid":{"rendered":"https:\/\/www.modula.eu\/produits\/magasins-automatiques-verticaux\/magazzino-automatico-modula-pallet\/"},"modified":"2025-03-04T11:57:23","modified_gmt":"2025-03-04T10:57:23","slug":"stockeur-rotatif-modula-pallet","status":"publish","type":"page","link":"https:\/\/www.modula.eu\/fr\/stockage-vertical-automatique\/stockeur-rotatif-modula-pallet\/","title":{"rendered":"Modula Pallet"},"content":{"rendered":"","protected":false},"excerpt":{"rendered":"","protected":false},"author":2,"featured_media":21866,"parent":8037,"menu_order":4,"comment_status":"closed","ping_status":"closed","template":"product-single.php","meta":{"_acf_changed":false,"inline_featured_image":false,"mapsvg_location":"","footnotes":""},"class_list":["post-22908","page","type-page","status-publish","has-post-thumbnail","hentry"],"acf":[],"yoast_head":"<!-- This site is optimized with the Yoast SEO plugin v27.4 - https:\/\/yoast.com\/product\/yoast-seo-wordpress\/ -->\n<title>Modula Pallet: Stockage Automatique, Gestion Efficace de Palettes | Modula<\/title>\n<meta name=\"description\" content=\"Le syst\u00e8me de stockage automatique Modula Pallet a \u00e9t\u00e9 con\u00e7u pour le stockage d\u2019europalettes de dimensions 1 200\u00d7800 mm, tout en laissant la possibilit\u00e9 d\u2019utiliser des plateaux standard pour le mat\u00e9riel en vrac.\" \/>\n<meta name=\"robots\" content=\"index, follow, max-snippet:-1, max-image-preview:large, max-video-preview:-1\" \/>\n<link rel=\"canonical\" href=\"https:\/\/www.modula.eu\/fr\/stockage-vertical-automatique\/stockeur-rotatif-modula-pallet\/\" \/>\n<meta property=\"og:locale\" content=\"fr_FR\" \/>\n<meta property=\"og:type\" content=\"article\" \/>\n<meta property=\"og:title\" content=\"Modula Pallet: Stockage Automatique, Gestion Efficace de Palettes | Modula\" \/>\n<meta property=\"og:description\" content=\"Le syst\u00e8me de stockage automatique Modula Pallet a \u00e9t\u00e9 con\u00e7u pour le stockage d\u2019europalettes de dimensions 1 200\u00d7800 mm, tout en laissant la possibilit\u00e9 d\u2019utiliser des plateaux standard pour le mat\u00e9riel en vrac.\" \/>\n<meta property=\"og:url\" content=\"https:\/\/www.modula.eu\/fr\/stockage-vertical-automatique\/stockeur-rotatif-modula-pallet\/\" \/>\n<meta property=\"og:site_name\" content=\"Modula\" \/>\n<meta property=\"article:modified_time\" content=\"2025-03-04T10:57:23+00:00\" \/>\n<meta property=\"og:image\" content=\"https:\/\/www.modula.eu\/wp-content\/uploads\/2023\/03\/modula-pallet-3.jpg\" \/>\n\t<meta property=\"og:image:width\" content=\"591\" \/>\n\t<meta property=\"og:image:height\" content=\"800\" \/>\n\t<meta property=\"og:image:type\" content=\"image\/jpeg\" \/>\n<meta name=\"twitter:card\" content=\"summary_large_image\" \/>\n<script type=\"application\/ld+json\" class=\"yoast-schema-graph\">{\"@context\":\"https:\\\/\\\/schema.org\",\"@graph\":[{\"@type\":\"WebPage\",\"@id\":\"https:\\\/\\\/www.modula.eu\\\/fr\\\/stockage-vertical-automatique\\\/stockeur-rotatif-modula-pallet\\\/\",\"url\":\"https:\\\/\\\/www.modula.eu\\\/fr\\\/stockage-vertical-automatique\\\/stockeur-rotatif-modula-pallet\\\/\",\"name\":\"Modula Pallet: Stockage Automatique, Gestion Efficace de Palettes | Modula\",\"isPartOf\":{\"@id\":\"https:\\\/\\\/www.modula.eu\\\/fr\\\/#website\"},\"primaryImageOfPage\":{\"@id\":\"https:\\\/\\\/www.modula.eu\\\/fr\\\/stockage-vertical-automatique\\\/stockeur-rotatif-modula-pallet\\\/#primaryimage\"},\"image\":{\"@id\":\"https:\\\/\\\/www.modula.eu\\\/fr\\\/stockage-vertical-automatique\\\/stockeur-rotatif-modula-pallet\\\/#primaryimage\"},\"thumbnailUrl\":\"https:\\\/\\\/www.modula.eu\\\/wp-content\\\/uploads\\\/2023\\\/03\\\/modula-pallet-3.jpg\",\"datePublished\":\"2023-03-24T08:24:33+00:00\",\"dateModified\":\"2025-03-04T10:57:23+00:00\",\"description\":\"Le syst\u00e8me de stockage automatique Modula Pallet a \u00e9t\u00e9 con\u00e7u pour le stockage d\u2019europalettes de dimensions 1 200\u00d7800 mm, tout en laissant la possibilit\u00e9 d\u2019utiliser des plateaux standard pour le mat\u00e9riel en vrac.\",\"breadcrumb\":{\"@id\":\"https:\\\/\\\/www.modula.eu\\\/fr\\\/stockage-vertical-automatique\\\/stockeur-rotatif-modula-pallet\\\/#breadcrumb\"},\"inLanguage\":\"fr-FR\",\"potentialAction\":[{\"@type\":\"ReadAction\",\"target\":[\"https:\\\/\\\/www.modula.eu\\\/fr\\\/stockage-vertical-automatique\\\/stockeur-rotatif-modula-pallet\\\/\"]}]},{\"@type\":\"ImageObject\",\"inLanguage\":\"fr-FR\",\"@id\":\"https:\\\/\\\/www.modula.eu\\\/fr\\\/stockage-vertical-automatique\\\/stockeur-rotatif-modula-pallet\\\/#primaryimage\",\"url\":\"https:\\\/\\\/www.modula.eu\\\/wp-content\\\/uploads\\\/2023\\\/03\\\/modula-pallet-3.jpg\",\"contentUrl\":\"https:\\\/\\\/www.modula.eu\\\/wp-content\\\/uploads\\\/2023\\\/03\\\/modula-pallet-3.jpg\",\"width\":591,\"height\":800},{\"@type\":\"BreadcrumbList\",\"@id\":\"https:\\\/\\\/www.modula.eu\\\/fr\\\/stockage-vertical-automatique\\\/stockeur-rotatif-modula-pallet\\\/#breadcrumb\",\"itemListElement\":[{\"@type\":\"ListItem\",\"position\":1,\"name\":\"Home\",\"item\":\"https:\\\/\\\/www.modula.eu\\\/fr\\\/\"},{\"@type\":\"ListItem\",\"position\":2,\"name\":\"Produits\",\"item\":\"https:\\\/\\\/www.modula.eu\\\/fr\\\/produits-de-stockage-interne\\\/\"},{\"@type\":\"ListItem\",\"position\":3,\"name\":\"Stockage vertical automatique\",\"item\":\"https:\\\/\\\/www.modula.eu\\\/fr\\\/stockage-vertical-automatique\\\/\"},{\"@type\":\"ListItem\",\"position\":4,\"name\":\"Modula Pallet\"}]},{\"@type\":\"WebSite\",\"@id\":\"https:\\\/\\\/www.modula.eu\\\/fr\\\/#website\",\"url\":\"https:\\\/\\\/www.modula.eu\\\/fr\\\/\",\"name\":\"Modula\",\"description\":\"Think Vertical\",\"publisher\":{\"@id\":\"https:\\\/\\\/www.modula.eu\\\/fr\\\/#organization\"},\"potentialAction\":[{\"@type\":\"SearchAction\",\"target\":{\"@type\":\"EntryPoint\",\"urlTemplate\":\"https:\\\/\\\/www.modula.eu\\\/fr\\\/?s={search_term_string}\"},\"query-input\":{\"@type\":\"PropertyValueSpecification\",\"valueRequired\":true,\"valueName\":\"search_term_string\"}}],\"inLanguage\":\"fr-FR\"},{\"@type\":\"Organization\",\"@id\":\"https:\\\/\\\/www.modula.eu\\\/fr\\\/#organization\",\"name\":\"Modula\",\"url\":\"https:\\\/\\\/www.modula.eu\\\/fr\\\/\",\"logo\":{\"@type\":\"ImageObject\",\"inLanguage\":\"fr-FR\",\"@id\":\"https:\\\/\\\/www.modula.eu\\\/fr\\\/#\\\/schema\\\/logo\\\/image\\\/\",\"url\":\"https:\\\/\\\/www.modula.eu\\\/wp-content\\\/uploads\\\/2022\\\/12\\\/Modula-logo.jpg\",\"contentUrl\":\"https:\\\/\\\/www.modula.eu\\\/wp-content\\\/uploads\\\/2022\\\/12\\\/Modula-logo.jpg\",\"width\":759,\"height\":512,\"caption\":\"Modula\"},\"image\":{\"@id\":\"https:\\\/\\\/www.modula.eu\\\/fr\\\/#\\\/schema\\\/logo\\\/image\\\/\"}}]}<\/script>\n<!-- \/ Yoast SEO plugin. -->","yoast_head_json":{"title":"Modula Pallet: Stockage Automatique, Gestion Efficace de Palettes | Modula","description":"Le syst\u00e8me de stockage automatique Modula Pallet a \u00e9t\u00e9 con\u00e7u pour le stockage d\u2019europalettes de dimensions 1 200\u00d7800 mm, tout en laissant la possibilit\u00e9 d\u2019utiliser des plateaux standard pour le mat\u00e9riel en vrac.","robots":{"index":"index","follow":"follow","max-snippet":"max-snippet:-1","max-image-preview":"max-image-preview:large","max-video-preview":"max-video-preview:-1"},"canonical":"https:\/\/www.modula.eu\/fr\/stockage-vertical-automatique\/stockeur-rotatif-modula-pallet\/","og_locale":"fr_FR","og_type":"article","og_title":"Modula Pallet: Stockage Automatique, Gestion Efficace de Palettes | Modula","og_description":"Le syst\u00e8me de stockage automatique Modula Pallet a \u00e9t\u00e9 con\u00e7u pour le stockage d\u2019europalettes de dimensions 1 200\u00d7800 mm, tout en laissant la possibilit\u00e9 d\u2019utiliser des plateaux standard pour le mat\u00e9riel en vrac.","og_url":"https:\/\/www.modula.eu\/fr\/stockage-vertical-automatique\/stockeur-rotatif-modula-pallet\/","og_site_name":"Modula","article_modified_time":"2025-03-04T10:57:23+00:00","og_image":[{"width":591,"height":800,"url":"https:\/\/www.modula.eu\/wp-content\/uploads\/2023\/03\/modula-pallet-3.jpg","type":"image\/jpeg"}],"twitter_card":"summary_large_image","schema":{"@context":"https:\/\/schema.org","@graph":[{"@type":"WebPage","@id":"https:\/\/www.modula.eu\/fr\/stockage-vertical-automatique\/stockeur-rotatif-modula-pallet\/","url":"https:\/\/www.modula.eu\/fr\/stockage-vertical-automatique\/stockeur-rotatif-modula-pallet\/","name":"Modula Pallet: Stockage Automatique, Gestion Efficace de Palettes | Modula","isPartOf":{"@id":"https:\/\/www.modula.eu\/fr\/#website"},"primaryImageOfPage":{"@id":"https:\/\/www.modula.eu\/fr\/stockage-vertical-automatique\/stockeur-rotatif-modula-pallet\/#primaryimage"},"image":{"@id":"https:\/\/www.modula.eu\/fr\/stockage-vertical-automatique\/stockeur-rotatif-modula-pallet\/#primaryimage"},"thumbnailUrl":"https:\/\/www.modula.eu\/wp-content\/uploads\/2023\/03\/modula-pallet-3.jpg","datePublished":"2023-03-24T08:24:33+00:00","dateModified":"2025-03-04T10:57:23+00:00","description":"Le syst\u00e8me de stockage automatique Modula Pallet a \u00e9t\u00e9 con\u00e7u pour le stockage d\u2019europalettes de dimensions 1 200\u00d7800 mm, tout en laissant la possibilit\u00e9 d\u2019utiliser des plateaux standard pour le mat\u00e9riel en vrac.","breadcrumb":{"@id":"https:\/\/www.modula.eu\/fr\/stockage-vertical-automatique\/stockeur-rotatif-modula-pallet\/#breadcrumb"},"inLanguage":"fr-FR","potentialAction":[{"@type":"ReadAction","target":["https:\/\/www.modula.eu\/fr\/stockage-vertical-automatique\/stockeur-rotatif-modula-pallet\/"]}]},{"@type":"ImageObject","inLanguage":"fr-FR","@id":"https:\/\/www.modula.eu\/fr\/stockage-vertical-automatique\/stockeur-rotatif-modula-pallet\/#primaryimage","url":"https:\/\/www.modula.eu\/wp-content\/uploads\/2023\/03\/modula-pallet-3.jpg","contentUrl":"https:\/\/www.modula.eu\/wp-content\/uploads\/2023\/03\/modula-pallet-3.jpg","width":591,"height":800},{"@type":"BreadcrumbList","@id":"https:\/\/www.modula.eu\/fr\/stockage-vertical-automatique\/stockeur-rotatif-modula-pallet\/#breadcrumb","itemListElement":[{"@type":"ListItem","position":1,"name":"Home","item":"https:\/\/www.modula.eu\/fr\/"},{"@type":"ListItem","position":2,"name":"Produits","item":"https:\/\/www.modula.eu\/fr\/produits-de-stockage-interne\/"},{"@type":"ListItem","position":3,"name":"Stockage vertical automatique","item":"https:\/\/www.modula.eu\/fr\/stockage-vertical-automatique\/"},{"@type":"ListItem","position":4,"name":"Modula Pallet"}]},{"@type":"WebSite","@id":"https:\/\/www.modula.eu\/fr\/#website","url":"https:\/\/www.modula.eu\/fr\/","name":"Modula","description":"Think Vertical","publisher":{"@id":"https:\/\/www.modula.eu\/fr\/#organization"},"potentialAction":[{"@type":"SearchAction","target":{"@type":"EntryPoint","urlTemplate":"https:\/\/www.modula.eu\/fr\/?s={search_term_string}"},"query-input":{"@type":"PropertyValueSpecification","valueRequired":true,"valueName":"search_term_string"}}],"inLanguage":"fr-FR"},{"@type":"Organization","@id":"https:\/\/www.modula.eu\/fr\/#organization","name":"Modula","url":"https:\/\/www.modula.eu\/fr\/","logo":{"@type":"ImageObject","inLanguage":"fr-FR","@id":"https:\/\/www.modula.eu\/fr\/#\/schema\/logo\/image\/","url":"https:\/\/www.modula.eu\/wp-content\/uploads\/2022\/12\/Modula-logo.jpg","contentUrl":"https:\/\/www.modula.eu\/wp-content\/uploads\/2022\/12\/Modula-logo.jpg","width":759,"height":512,"caption":"Modula"},"image":{"@id":"https:\/\/www.modula.eu\/fr\/#\/schema\/logo\/image\/"}}]}},"_links":{"self":[{"href":"https:\/\/www.modula.eu\/fr\/wp-json\/wp\/v2\/pages\/22908","targetHints":{"allow":["GET"]}}],"collection":[{"href":"https:\/\/www.modula.eu\/fr\/wp-json\/wp\/v2\/pages"}],"about":[{"href":"https:\/\/www.modula.eu\/fr\/wp-json\/wp\/v2\/types\/page"}],"author":[{"embeddable":true,"href":"https:\/\/www.modula.eu\/fr\/wp-json\/wp\/v2\/users\/2"}],"replies":[{"embeddable":true,"href":"https:\/\/www.modula.eu\/fr\/wp-json\/wp\/v2\/comments?post=22908"}],"version-history":[{"count":0,"href":"https:\/\/www.modula.eu\/fr\/wp-json\/wp\/v2\/pages\/22908\/revisions"}],"up":[{"embeddable":true,"href":"https:\/\/www.modula.eu\/fr\/wp-json\/wp\/v2\/pages\/8037"}],"wp:featuredmedia":[{"embeddable":true,"href":"https:\/\/www.modula.eu\/fr\/wp-json\/wp\/v2\/media\/21866"}],"wp:attachment":[{"href":"https:\/\/www.modula.eu\/fr\/wp-json\/wp\/v2\/media?parent=22908"}],"curies":[{"name":"wp","href":"https:\/\/api.w.org\/{rel}","templated":true}]}}

<!-- This site is optimized with the Yoast SEO plugin v27.4 - https://yoast.com/product/yoast-seo-wordpress/ -->
<title>Modula Pallet: Stockage Automatique, Gestion Efficace de Palettes | Modula</title>
<meta name="description" content="Le système de stockage automatique Modula Pallet a été conçu pour le stockage d’europalettes de dimensions 1 200×800 mm, tout en laissant la possibilité d’utiliser des plateaux standard pour le matériel en vrac." />
<meta name="robots" content="index, follow, max-snippet:-1, max-image-preview:large, max-video-preview:-1" />
<link rel="canonical" href="https://www.modula.eu/fr/stockage-vertical-automatique/stockeur-rotatif-modula-pallet/" />
<meta property="og:locale" content="fr_FR" />
<meta property="og:type" content="article" />
<meta property="og:title" content="Modula Pallet: Stockage Automatique, Gestion Efficace de Palettes | Modula" />
<meta property="og:description" content="Le système de stockage automatique Modula Pallet a été conçu pour le stockage d’europalettes de dimensions 1 200×800 mm, tout en laissant la possibilité d’utiliser des plateaux standard pour le matériel en vrac." />
<meta property="og:url" content="https://www.modula.eu/fr/stockage-vertical-automatique/stockeur-rotatif-modula-pallet/" />
<meta property="og:site_name" content="Modula" />
<meta property="article:modified_time" content="2025-03-04T10:57:23+00:00" />
<meta property="og:image" content="https://www.modula.eu/wp-content/uploads/2023/03/modula-pallet-3.jpg" />
	<meta property="og:image:width" content="591" />
	<meta property="og:image:height" content="800" />
	<meta property="og:image:type" content="image/jpeg" />
<meta name="twitter:card" content="summary_large_image" />
<script type="application/ld+json" class="yoast-schema-graph">{"@context":"https:\/\/schema.org","@graph":[{"@type":"WebPage","@id":"https:\/\/www.modula.eu\/fr\/stockage-vertical-automatique\/stockeur-rotatif-modula-pallet\/","url":"https:\/\/www.modula.eu\/fr\/stockage-vertical-automatique\/stockeur-rotatif-modula-pallet\/","name":"Modula Pallet: Stockage Automatique, Gestion Efficace de Palettes | Modula","isPartOf":{"@id":"https:\/\/www.modula.eu\/fr\/#website"},"primaryImageOfPage":{"@id":"https:\/\/www.modula.eu\/fr\/stockage-vertical-automatique\/stockeur-rotatif-modula-pallet\/#primaryimage"},"image":{"@id":"https:\/\/www.modula.eu\/fr\/stockage-vertical-automatique\/stockeur-rotatif-modula-pallet\/#primaryimage"},"thumbnailUrl":"https:\/\/www.modula.eu\/wp-content\/uploads\/2023\/03\/modula-pallet-3.jpg","datePublished":"2023-03-24T08:24:33+00:00","dateModified":"2025-03-04T10:57:23+00:00","description":"Le système de stockage automatique Modula Pallet a été conçu pour le stockage d’europalettes de dimensions 1 200×800 mm, tout en laissant la possibilité d’utiliser des plateaux standard pour le matériel en vrac.","breadcrumb":{"@id":"https:\/\/www.modula.eu\/fr\/stockage-vertical-automatique\/stockeur-rotatif-modula-pallet\/#breadcrumb"},"inLanguage":"fr-FR","potentialAction":[{"@type":"ReadAction","target":["https:\/\/www.modula.eu\/fr\/stockage-vertical-automatique\/stockeur-rotatif-modula-pallet\/"]}]},{"@type":"ImageObject","inLanguage":"fr-FR","@id":"https:\/\/www.modula.eu\/fr\/stockage-vertical-automatique\/stockeur-rotatif-modula-pallet\/#primaryimage","url":"https:\/\/www.modula.eu\/wp-content\/uploads\/2023\/03\/modula-pallet-3.jpg","contentUrl":"https:\/\/www.modula.eu\/wp-content\/uploads\/2023\/03\/modula-pallet-3.jpg","width":591,"height":800},{"@type":"BreadcrumbList","@id":"https:\/\/www.modula.eu\/fr\/stockage-vertical-automatique\/stockeur-rotatif-modula-pallet\/#breadcrumb","itemListElement":[{"@type":"ListItem","position":1,"name":"Home","item":"https:\/\/www.modula.eu\/fr\/"},{"@type":"ListItem","position":2,"name":"Produits","item":"https:\/\/www.modula.eu\/fr\/produits-de-stockage-interne\/"},{"@type":"ListItem","position":3,"name":"Stockage vertical automatique","item":"https:\/\/www.modula.eu\/fr\/stockage-vertical-automatique\/"},{"@type":"ListItem","position":4,"name":"Modula Pallet"}]},{"@type":"WebSite","@id":"https:\/\/www.modula.eu\/fr\/#website","url":"https:\/\/www.modula.eu\/fr\/","name":"Modula","description":"Think Vertical","publisher":{"@id":"https:\/\/www.modula.eu\/fr\/#organization"},"potentialAction":[{"@type":"SearchAction","target":{"@type":"EntryPoint","urlTemplate":"https:\/\/www.modula.eu\/fr\/?s={search_term_string}"},"query-input":{"@type":"PropertyValueSpecification","valueRequired":true,"valueName":"search_term_string"}}],"inLanguage":"fr-FR"},{"@type":"Organization","@id":"https:\/\/www.modula.eu\/fr\/#organization","name":"Modula","url":"https:\/\/www.modula.eu\/fr\/","logo":{"@type":"ImageObject","inLanguage":"fr-FR","@id":"https:\/\/www.modula.eu\/fr\/#\/schema\/logo\/image\/","url":"https:\/\/www.modula.eu\/wp-content\/uploads\/2022\/12\/Modula-logo.jpg","contentUrl":"https:\/\/www.modula.eu\/wp-content\/uploads\/2022\/12\/Modula-logo.jpg","width":759,"height":512,"caption":"Modula"},"image":{"@id":"https:\/\/www.modula.eu\/fr\/#\/schema\/logo\/image\/"}}]}</script>
<!-- / Yoast SEO plugin. -->

Le système de stockage automatique Modula Pallet a été conçu pour le stockage d’europalettes de dimensions 1 200×800 mm, tout en laissant la possibilité d’utiliser des plateaux standard pour le matériel en vrac.
