{"id":32276,"date":"2024-04-11T09:08:57","date_gmt":"2024-04-11T07:08:57","guid":{"rendered":"https:\/\/www.modula.eu\/esg\/"},"modified":"2025-12-23T09:48:32","modified_gmt":"2025-12-23T08:48:32","slug":"esg","status":"publish","type":"page","link":"https:\/\/www.modula.eu\/fr\/societe\/esg\/","title":{"rendered":"ESG"},"content":{"rendered":"","protected":false},"excerpt":{"rendered":"","protected":false},"author":2,"featured_media":0,"parent":0,"menu_order":6,"comment_status":"closed","ping_status":"closed","template":"","meta":{"_acf_changed":false,"inline_featured_image":false,"mapsvg_location":"","footnotes":""},"class_list":["post-32276","page","type-page","status-publish","hentry"],"acf":[],"yoast_head":"<!-- This site is optimized with the Yoast SEO plugin v27.4 - https:\/\/yoast.com\/product\/yoast-seo-wordpress\/ -->\n<title>ESG | Modula<\/title>\n<meta name=\"description\" content=\"Nous sommes une entreprise socialement responsable. Notre philosophie est fond\u00e9e sur l&#039;innovation et une vision \u00e0 long terme. Nous comprenons que construire un avenir durable signifie bien plus que simplement pr\u00e9server l\u2019environnement.\" \/>\n<meta name=\"robots\" content=\"index, follow, max-snippet:-1, max-image-preview:large, max-video-preview:-1\" \/>\n<link rel=\"canonical\" href=\"https:\/\/www.modula.eu\/fr\/societe\/esg\/\" \/>\n<meta property=\"og:locale\" content=\"fr_FR\" \/>\n<meta property=\"og:type\" content=\"article\" \/>\n<meta property=\"og:title\" content=\"ESG | Modula\" \/>\n<meta property=\"og:description\" content=\"Nous sommes une entreprise socialement responsable. Notre philosophie est fond\u00e9e sur l&#039;innovation et une vision \u00e0 long terme. Nous comprenons que construire un avenir durable signifie bien plus que simplement pr\u00e9server l\u2019environnement.\" \/>\n<meta property=\"og:url\" content=\"https:\/\/www.modula.eu\/fr\/societe\/esg\/\" \/>\n<meta property=\"og:site_name\" content=\"Modula\" \/>\n<meta property=\"article:modified_time\" content=\"2025-12-23T08:48:32+00:00\" \/>\n<meta name=\"twitter:card\" content=\"summary_large_image\" \/>\n<script type=\"application\/ld+json\" class=\"yoast-schema-graph\">{\"@context\":\"https:\\\/\\\/schema.org\",\"@graph\":[{\"@type\":\"WebPage\",\"@id\":\"https:\\\/\\\/www.modula.eu\\\/fr\\\/societe\\\/esg\\\/\",\"url\":\"https:\\\/\\\/www.modula.eu\\\/fr\\\/societe\\\/esg\\\/\",\"name\":\"ESG | Modula\",\"isPartOf\":{\"@id\":\"https:\\\/\\\/www.modula.eu\\\/fr\\\/#website\"},\"datePublished\":\"2024-04-11T07:08:57+00:00\",\"dateModified\":\"2025-12-23T08:48:32+00:00\",\"description\":\"Nous sommes une entreprise socialement responsable. Notre philosophie est fond\u00e9e sur l'innovation et une vision \u00e0 long terme. Nous comprenons que construire un avenir durable signifie bien plus que simplement pr\u00e9server l\u2019environnement.\",\"breadcrumb\":{\"@id\":\"https:\\\/\\\/www.modula.eu\\\/fr\\\/societe\\\/esg\\\/#breadcrumb\"},\"inLanguage\":\"fr-FR\",\"potentialAction\":[{\"@type\":\"ReadAction\",\"target\":[\"https:\\\/\\\/www.modula.eu\\\/fr\\\/societe\\\/esg\\\/\"]}]},{\"@type\":\"BreadcrumbList\",\"@id\":\"https:\\\/\\\/www.modula.eu\\\/fr\\\/societe\\\/esg\\\/#breadcrumb\",\"itemListElement\":[{\"@type\":\"ListItem\",\"position\":1,\"name\":\"Home\",\"item\":\"https:\\\/\\\/www.modula.eu\\\/fr\\\/\"},{\"@type\":\"ListItem\",\"position\":2,\"name\":\"ESG\"}]},{\"@type\":\"WebSite\",\"@id\":\"https:\\\/\\\/www.modula.eu\\\/fr\\\/#website\",\"url\":\"https:\\\/\\\/www.modula.eu\\\/fr\\\/\",\"name\":\"Modula\",\"description\":\"Think Vertical\",\"publisher\":{\"@id\":\"https:\\\/\\\/www.modula.eu\\\/fr\\\/#organization\"},\"potentialAction\":[{\"@type\":\"SearchAction\",\"target\":{\"@type\":\"EntryPoint\",\"urlTemplate\":\"https:\\\/\\\/www.modula.eu\\\/fr\\\/?s={search_term_string}\"},\"query-input\":{\"@type\":\"PropertyValueSpecification\",\"valueRequired\":true,\"valueName\":\"search_term_string\"}}],\"inLanguage\":\"fr-FR\"},{\"@type\":\"Organization\",\"@id\":\"https:\\\/\\\/www.modula.eu\\\/fr\\\/#organization\",\"name\":\"Modula\",\"url\":\"https:\\\/\\\/www.modula.eu\\\/fr\\\/\",\"logo\":{\"@type\":\"ImageObject\",\"inLanguage\":\"fr-FR\",\"@id\":\"https:\\\/\\\/www.modula.eu\\\/fr\\\/#\\\/schema\\\/logo\\\/image\\\/\",\"url\":\"https:\\\/\\\/www.modula.eu\\\/wp-content\\\/uploads\\\/2022\\\/12\\\/Modula-logo.jpg\",\"contentUrl\":\"https:\\\/\\\/www.modula.eu\\\/wp-content\\\/uploads\\\/2022\\\/12\\\/Modula-logo.jpg\",\"width\":759,\"height\":512,\"caption\":\"Modula\"},\"image\":{\"@id\":\"https:\\\/\\\/www.modula.eu\\\/fr\\\/#\\\/schema\\\/logo\\\/image\\\/\"}}]}<\/script>\n<!-- \/ Yoast SEO plugin. -->","yoast_head_json":{"title":"ESG | Modula","description":"Nous sommes une entreprise socialement responsable. Notre philosophie est fond\u00e9e sur l'innovation et une vision \u00e0 long terme. Nous comprenons que construire un avenir durable signifie bien plus que simplement pr\u00e9server l\u2019environnement.","robots":{"index":"index","follow":"follow","max-snippet":"max-snippet:-1","max-image-preview":"max-image-preview:large","max-video-preview":"max-video-preview:-1"},"canonical":"https:\/\/www.modula.eu\/fr\/societe\/esg\/","og_locale":"fr_FR","og_type":"article","og_title":"ESG | Modula","og_description":"Nous sommes une entreprise socialement responsable. Notre philosophie est fond\u00e9e sur l'innovation et une vision \u00e0 long terme. Nous comprenons que construire un avenir durable signifie bien plus que simplement pr\u00e9server l\u2019environnement.","og_url":"https:\/\/www.modula.eu\/fr\/societe\/esg\/","og_site_name":"Modula","article_modified_time":"2025-12-23T08:48:32+00:00","twitter_card":"summary_large_image","schema":{"@context":"https:\/\/schema.org","@graph":[{"@type":"WebPage","@id":"https:\/\/www.modula.eu\/fr\/societe\/esg\/","url":"https:\/\/www.modula.eu\/fr\/societe\/esg\/","name":"ESG | Modula","isPartOf":{"@id":"https:\/\/www.modula.eu\/fr\/#website"},"datePublished":"2024-04-11T07:08:57+00:00","dateModified":"2025-12-23T08:48:32+00:00","description":"Nous sommes une entreprise socialement responsable. Notre philosophie est fond\u00e9e sur l'innovation et une vision \u00e0 long terme. Nous comprenons que construire un avenir durable signifie bien plus que simplement pr\u00e9server l\u2019environnement.","breadcrumb":{"@id":"https:\/\/www.modula.eu\/fr\/societe\/esg\/#breadcrumb"},"inLanguage":"fr-FR","potentialAction":[{"@type":"ReadAction","target":["https:\/\/www.modula.eu\/fr\/societe\/esg\/"]}]},{"@type":"BreadcrumbList","@id":"https:\/\/www.modula.eu\/fr\/societe\/esg\/#breadcrumb","itemListElement":[{"@type":"ListItem","position":1,"name":"Home","item":"https:\/\/www.modula.eu\/fr\/"},{"@type":"ListItem","position":2,"name":"ESG"}]},{"@type":"WebSite","@id":"https:\/\/www.modula.eu\/fr\/#website","url":"https:\/\/www.modula.eu\/fr\/","name":"Modula","description":"Think Vertical","publisher":{"@id":"https:\/\/www.modula.eu\/fr\/#organization"},"potentialAction":[{"@type":"SearchAction","target":{"@type":"EntryPoint","urlTemplate":"https:\/\/www.modula.eu\/fr\/?s={search_term_string}"},"query-input":{"@type":"PropertyValueSpecification","valueRequired":true,"valueName":"search_term_string"}}],"inLanguage":"fr-FR"},{"@type":"Organization","@id":"https:\/\/www.modula.eu\/fr\/#organization","name":"Modula","url":"https:\/\/www.modula.eu\/fr\/","logo":{"@type":"ImageObject","inLanguage":"fr-FR","@id":"https:\/\/www.modula.eu\/fr\/#\/schema\/logo\/image\/","url":"https:\/\/www.modula.eu\/wp-content\/uploads\/2022\/12\/Modula-logo.jpg","contentUrl":"https:\/\/www.modula.eu\/wp-content\/uploads\/2022\/12\/Modula-logo.jpg","width":759,"height":512,"caption":"Modula"},"image":{"@id":"https:\/\/www.modula.eu\/fr\/#\/schema\/logo\/image\/"}}]}},"_links":{"self":[{"href":"https:\/\/www.modula.eu\/fr\/wp-json\/wp\/v2\/pages\/32276","targetHints":{"allow":["GET"]}}],"collection":[{"href":"https:\/\/www.modula.eu\/fr\/wp-json\/wp\/v2\/pages"}],"about":[{"href":"https:\/\/www.modula.eu\/fr\/wp-json\/wp\/v2\/types\/page"}],"author":[{"embeddable":true,"href":"https:\/\/www.modula.eu\/fr\/wp-json\/wp\/v2\/users\/2"}],"replies":[{"embeddable":true,"href":"https:\/\/www.modula.eu\/fr\/wp-json\/wp\/v2\/comments?post=32276"}],"version-history":[{"count":2,"href":"https:\/\/www.modula.eu\/fr\/wp-json\/wp\/v2\/pages\/32276\/revisions"}],"predecessor-version":[{"id":70869,"href":"https:\/\/www.modula.eu\/fr\/wp-json\/wp\/v2\/pages\/32276\/revisions\/70869"}],"wp:attachment":[{"href":"https:\/\/www.modula.eu\/fr\/wp-json\/wp\/v2\/media?parent=32276"}],"curies":[{"name":"wp","href":"https:\/\/api.w.org\/{rel}","templated":true}]}}

<!-- This site is optimized with the Yoast SEO plugin v27.4 - https://yoast.com/product/yoast-seo-wordpress/ -->
<title>ESG | Modula</title>
<meta name="description" content="Nous sommes une entreprise socialement responsable. Notre philosophie est fondée sur l&#039;innovation et une vision à long terme. Nous comprenons que construire un avenir durable signifie bien plus que simplement préserver l’environnement." />
<meta name="robots" content="index, follow, max-snippet:-1, max-image-preview:large, max-video-preview:-1" />
<link rel="canonical" href="https://www.modula.eu/fr/societe/esg/" />
<meta property="og:locale" content="fr_FR" />
<meta property="og:type" content="article" />
<meta property="og:title" content="ESG | Modula" />
<meta property="og:description" content="Nous sommes une entreprise socialement responsable. Notre philosophie est fondée sur l&#039;innovation et une vision à long terme. Nous comprenons que construire un avenir durable signifie bien plus que simplement préserver l’environnement." />
<meta property="og:url" content="https://www.modula.eu/fr/societe/esg/" />
<meta property="og:site_name" content="Modula" />
<meta property="article:modified_time" content="2025-12-23T08:48:32+00:00" />
<meta name="twitter:card" content="summary_large_image" />
<script type="application/ld+json" class="yoast-schema-graph">{"@context":"https:\/\/schema.org","@graph":[{"@type":"WebPage","@id":"https:\/\/www.modula.eu\/fr\/societe\/esg\/","url":"https:\/\/www.modula.eu\/fr\/societe\/esg\/","name":"ESG | Modula","isPartOf":{"@id":"https:\/\/www.modula.eu\/fr\/#website"},"datePublished":"2024-04-11T07:08:57+00:00","dateModified":"2025-12-23T08:48:32+00:00","description":"Nous sommes une entreprise socialement responsable. Notre philosophie est fondée sur l'innovation et une vision à long terme. Nous comprenons que construire un avenir durable signifie bien plus que simplement préserver l’environnement.","breadcrumb":{"@id":"https:\/\/www.modula.eu\/fr\/societe\/esg\/#breadcrumb"},"inLanguage":"fr-FR","potentialAction":[{"@type":"ReadAction","target":["https:\/\/www.modula.eu\/fr\/societe\/esg\/"]}]},{"@type":"BreadcrumbList","@id":"https:\/\/www.modula.eu\/fr\/societe\/esg\/#breadcrumb","itemListElement":[{"@type":"ListItem","position":1,"name":"Home","item":"https:\/\/www.modula.eu\/fr\/"},{"@type":"ListItem","position":2,"name":"ESG"}]},{"@type":"WebSite","@id":"https:\/\/www.modula.eu\/fr\/#website","url":"https:\/\/www.modula.eu\/fr\/","name":"Modula","description":"Think Vertical","publisher":{"@id":"https:\/\/www.modula.eu\/fr\/#organization"},"potentialAction":[{"@type":"SearchAction","target":{"@type":"EntryPoint","urlTemplate":"https:\/\/www.modula.eu\/fr\/?s={search_term_string}"},"query-input":{"@type":"PropertyValueSpecification","valueRequired":true,"valueName":"search_term_string"}}],"inLanguage":"fr-FR"},{"@type":"Organization","@id":"https:\/\/www.modula.eu\/fr\/#organization","name":"Modula","url":"https:\/\/www.modula.eu\/fr\/","logo":{"@type":"ImageObject","inLanguage":"fr-FR","@id":"https:\/\/www.modula.eu\/fr\/#\/schema\/logo\/image\/","url":"https:\/\/www.modula.eu\/wp-content\/uploads\/2022\/12\/Modula-logo.jpg","contentUrl":"https:\/\/www.modula.eu\/wp-content\/uploads\/2022\/12\/Modula-logo.jpg","width":759,"height":512,"caption":"Modula"},"image":{"@id":"https:\/\/www.modula.eu\/fr\/#\/schema\/logo\/image\/"}}]}</script>
<!-- / Yoast SEO plugin. -->

Nous sommes une entreprise socialement responsable. Notre philosophie est fondée sur l'innovation et une vision à long terme. Nous comprenons que construire un avenir durable signifie bien plus que simplement préserver l’environnement.
