{"id":7961,"date":"2022-09-13T13:40:11","date_gmt":"2022-09-13T11:40:11","guid":{"rendered":"https:\/\/www.modula.eu\/azienda\/condizioni-generali-di-compravendita-2\/"},"modified":"2025-04-14T15:39:04","modified_gmt":"2025-04-14T13:39:04","slug":"condizioni-generali-di-compravendita-2","status":"publish","type":"page","link":"https:\/\/www.modula.eu\/fr\/modele-d-organisation-de-gestion-et-de-controle-et-code-d-ethique-de-modula\/","title":{"rendered":"Mod\u00e8le d&rsquo;organisation, de gestion et de contr\u00f4le et code d&rsquo;\u00e9thique"},"content":{"rendered":"","protected":false},"excerpt":{"rendered":"","protected":false},"author":1,"featured_media":0,"parent":0,"menu_order":29,"comment_status":"closed","ping_status":"closed","template":"","meta":{"_acf_changed":false,"inline_featured_image":false,"mapsvg_location":"","footnotes":""},"class_list":["post-7961","page","type-page","status-publish","hentry"],"acf":[],"yoast_head":"<!-- This site is optimized with the Yoast SEO plugin v27.4 - https:\/\/yoast.com\/product\/yoast-seo-wordpress\/ -->\n<title>Mod\u00e8le d&#039;organisation, de gestion et de contr\u00f4le et code d&#039;\u00e9thique | Modula<\/title>\n<meta name=\"description\" content=\"Le Mod\u00e8le d\u2019organisation, de gestion et de contr\u00f4le de Modula S.p.A. comprend \u2013 comme \u00e9l\u00e9ment essentiel et ind\u00e9rogeable \u2013 le \u00ab Code d\u2019\u00e9thique \u00bb, un outil \u00e0 travers lequel les valeurs de Modula S.p.A.\" \/>\n<meta name=\"robots\" content=\"noindex, follow\" \/>\n<meta property=\"og:locale\" content=\"fr_FR\" \/>\n<meta property=\"og:type\" content=\"article\" \/>\n<meta property=\"og:title\" content=\"Mod\u00e8le d&#039;organisation, de gestion et de contr\u00f4le et code d&#039;\u00e9thique | Modula\" \/>\n<meta property=\"og:description\" content=\"Le Mod\u00e8le d\u2019organisation, de gestion et de contr\u00f4le de Modula S.p.A. comprend \u2013 comme \u00e9l\u00e9ment essentiel et ind\u00e9rogeable \u2013 le \u00ab Code d\u2019\u00e9thique \u00bb, un outil \u00e0 travers lequel les valeurs de Modula S.p.A.\" \/>\n<meta property=\"og:url\" content=\"https:\/\/www.modula.eu\/fr\/modele-d-organisation-de-gestion-et-de-controle-et-code-d-ethique-de-modula\/\" \/>\n<meta property=\"og:site_name\" content=\"Modula\" \/>\n<meta property=\"article:modified_time\" content=\"2025-04-14T13:39:04+00:00\" \/>\n<meta name=\"twitter:card\" content=\"summary_large_image\" \/>\n<script type=\"application\/ld+json\" class=\"yoast-schema-graph\">{\"@context\":\"https:\\\/\\\/schema.org\",\"@graph\":[{\"@type\":\"WebPage\",\"@id\":\"https:\\\/\\\/www.modula.eu\\\/fr\\\/modele-d-organisation-de-gestion-et-de-controle-et-code-d-ethique-de-modula\\\/\",\"url\":\"https:\\\/\\\/www.modula.eu\\\/fr\\\/modele-d-organisation-de-gestion-et-de-controle-et-code-d-ethique-de-modula\\\/\",\"name\":\"Mod\u00e8le d'organisation, de gestion et de contr\u00f4le et code d'\u00e9thique | Modula\",\"isPartOf\":{\"@id\":\"https:\\\/\\\/www.modula.eu\\\/fr\\\/#website\"},\"datePublished\":\"2022-09-13T11:40:11+00:00\",\"dateModified\":\"2025-04-14T13:39:04+00:00\",\"description\":\"Le Mod\u00e8le d\u2019organisation, de gestion et de contr\u00f4le de Modula S.p.A. comprend \u2013 comme \u00e9l\u00e9ment essentiel et ind\u00e9rogeable \u2013 le \u00ab Code d\u2019\u00e9thique \u00bb, un outil \u00e0 travers lequel les valeurs de Modula S.p.A.\",\"breadcrumb\":{\"@id\":\"https:\\\/\\\/www.modula.eu\\\/fr\\\/modele-d-organisation-de-gestion-et-de-controle-et-code-d-ethique-de-modula\\\/#breadcrumb\"},\"inLanguage\":\"fr-FR\",\"potentialAction\":[{\"@type\":\"ReadAction\",\"target\":[\"https:\\\/\\\/www.modula.eu\\\/fr\\\/modele-d-organisation-de-gestion-et-de-controle-et-code-d-ethique-de-modula\\\/\"]}]},{\"@type\":\"BreadcrumbList\",\"@id\":\"https:\\\/\\\/www.modula.eu\\\/fr\\\/modele-d-organisation-de-gestion-et-de-controle-et-code-d-ethique-de-modula\\\/#breadcrumb\",\"itemListElement\":[{\"@type\":\"ListItem\",\"position\":1,\"name\":\"Home\",\"item\":\"https:\\\/\\\/www.modula.eu\\\/fr\\\/\"},{\"@type\":\"ListItem\",\"position\":2,\"name\":\"Mod\u00e8le d&rsquo;organisation, de gestion et de contr\u00f4le et code d&rsquo;\u00e9thique\"}]},{\"@type\":\"WebSite\",\"@id\":\"https:\\\/\\\/www.modula.eu\\\/fr\\\/#website\",\"url\":\"https:\\\/\\\/www.modula.eu\\\/fr\\\/\",\"name\":\"Modula\",\"description\":\"Think Vertical\",\"publisher\":{\"@id\":\"https:\\\/\\\/www.modula.eu\\\/fr\\\/#organization\"},\"potentialAction\":[{\"@type\":\"SearchAction\",\"target\":{\"@type\":\"EntryPoint\",\"urlTemplate\":\"https:\\\/\\\/www.modula.eu\\\/fr\\\/?s={search_term_string}\"},\"query-input\":{\"@type\":\"PropertyValueSpecification\",\"valueRequired\":true,\"valueName\":\"search_term_string\"}}],\"inLanguage\":\"fr-FR\"},{\"@type\":\"Organization\",\"@id\":\"https:\\\/\\\/www.modula.eu\\\/fr\\\/#organization\",\"name\":\"Modula\",\"url\":\"https:\\\/\\\/www.modula.eu\\\/fr\\\/\",\"logo\":{\"@type\":\"ImageObject\",\"inLanguage\":\"fr-FR\",\"@id\":\"https:\\\/\\\/www.modula.eu\\\/fr\\\/#\\\/schema\\\/logo\\\/image\\\/\",\"url\":\"https:\\\/\\\/www.modula.eu\\\/wp-content\\\/uploads\\\/2022\\\/12\\\/Modula-logo.jpg\",\"contentUrl\":\"https:\\\/\\\/www.modula.eu\\\/wp-content\\\/uploads\\\/2022\\\/12\\\/Modula-logo.jpg\",\"width\":759,\"height\":512,\"caption\":\"Modula\"},\"image\":{\"@id\":\"https:\\\/\\\/www.modula.eu\\\/fr\\\/#\\\/schema\\\/logo\\\/image\\\/\"}}]}<\/script>\n<!-- \/ Yoast SEO plugin. -->","yoast_head_json":{"title":"Mod\u00e8le d'organisation, de gestion et de contr\u00f4le et code d'\u00e9thique | Modula","description":"Le Mod\u00e8le d\u2019organisation, de gestion et de contr\u00f4le de Modula S.p.A. comprend \u2013 comme \u00e9l\u00e9ment essentiel et ind\u00e9rogeable \u2013 le \u00ab Code d\u2019\u00e9thique \u00bb, un outil \u00e0 travers lequel les valeurs de Modula S.p.A.","robots":{"index":"noindex","follow":"follow"},"og_locale":"fr_FR","og_type":"article","og_title":"Mod\u00e8le d'organisation, de gestion et de contr\u00f4le et code d'\u00e9thique | Modula","og_description":"Le Mod\u00e8le d\u2019organisation, de gestion et de contr\u00f4le de Modula S.p.A. comprend \u2013 comme \u00e9l\u00e9ment essentiel et ind\u00e9rogeable \u2013 le \u00ab Code d\u2019\u00e9thique \u00bb, un outil \u00e0 travers lequel les valeurs de Modula S.p.A.","og_url":"https:\/\/www.modula.eu\/fr\/modele-d-organisation-de-gestion-et-de-controle-et-code-d-ethique-de-modula\/","og_site_name":"Modula","article_modified_time":"2025-04-14T13:39:04+00:00","twitter_card":"summary_large_image","schema":{"@context":"https:\/\/schema.org","@graph":[{"@type":"WebPage","@id":"https:\/\/www.modula.eu\/fr\/modele-d-organisation-de-gestion-et-de-controle-et-code-d-ethique-de-modula\/","url":"https:\/\/www.modula.eu\/fr\/modele-d-organisation-de-gestion-et-de-controle-et-code-d-ethique-de-modula\/","name":"Mod\u00e8le d'organisation, de gestion et de contr\u00f4le et code d'\u00e9thique | Modula","isPartOf":{"@id":"https:\/\/www.modula.eu\/fr\/#website"},"datePublished":"2022-09-13T11:40:11+00:00","dateModified":"2025-04-14T13:39:04+00:00","description":"Le Mod\u00e8le d\u2019organisation, de gestion et de contr\u00f4le de Modula S.p.A. comprend \u2013 comme \u00e9l\u00e9ment essentiel et ind\u00e9rogeable \u2013 le \u00ab Code d\u2019\u00e9thique \u00bb, un outil \u00e0 travers lequel les valeurs de Modula S.p.A.","breadcrumb":{"@id":"https:\/\/www.modula.eu\/fr\/modele-d-organisation-de-gestion-et-de-controle-et-code-d-ethique-de-modula\/#breadcrumb"},"inLanguage":"fr-FR","potentialAction":[{"@type":"ReadAction","target":["https:\/\/www.modula.eu\/fr\/modele-d-organisation-de-gestion-et-de-controle-et-code-d-ethique-de-modula\/"]}]},{"@type":"BreadcrumbList","@id":"https:\/\/www.modula.eu\/fr\/modele-d-organisation-de-gestion-et-de-controle-et-code-d-ethique-de-modula\/#breadcrumb","itemListElement":[{"@type":"ListItem","position":1,"name":"Home","item":"https:\/\/www.modula.eu\/fr\/"},{"@type":"ListItem","position":2,"name":"Mod\u00e8le d&rsquo;organisation, de gestion et de contr\u00f4le et code d&rsquo;\u00e9thique"}]},{"@type":"WebSite","@id":"https:\/\/www.modula.eu\/fr\/#website","url":"https:\/\/www.modula.eu\/fr\/","name":"Modula","description":"Think Vertical","publisher":{"@id":"https:\/\/www.modula.eu\/fr\/#organization"},"potentialAction":[{"@type":"SearchAction","target":{"@type":"EntryPoint","urlTemplate":"https:\/\/www.modula.eu\/fr\/?s={search_term_string}"},"query-input":{"@type":"PropertyValueSpecification","valueRequired":true,"valueName":"search_term_string"}}],"inLanguage":"fr-FR"},{"@type":"Organization","@id":"https:\/\/www.modula.eu\/fr\/#organization","name":"Modula","url":"https:\/\/www.modula.eu\/fr\/","logo":{"@type":"ImageObject","inLanguage":"fr-FR","@id":"https:\/\/www.modula.eu\/fr\/#\/schema\/logo\/image\/","url":"https:\/\/www.modula.eu\/wp-content\/uploads\/2022\/12\/Modula-logo.jpg","contentUrl":"https:\/\/www.modula.eu\/wp-content\/uploads\/2022\/12\/Modula-logo.jpg","width":759,"height":512,"caption":"Modula"},"image":{"@id":"https:\/\/www.modula.eu\/fr\/#\/schema\/logo\/image\/"}}]}},"_links":{"self":[{"href":"https:\/\/www.modula.eu\/fr\/wp-json\/wp\/v2\/pages\/7961","targetHints":{"allow":["GET"]}}],"collection":[{"href":"https:\/\/www.modula.eu\/fr\/wp-json\/wp\/v2\/pages"}],"about":[{"href":"https:\/\/www.modula.eu\/fr\/wp-json\/wp\/v2\/types\/page"}],"author":[{"embeddable":true,"href":"https:\/\/www.modula.eu\/fr\/wp-json\/wp\/v2\/users\/1"}],"replies":[{"embeddable":true,"href":"https:\/\/www.modula.eu\/fr\/wp-json\/wp\/v2\/comments?post=7961"}],"version-history":[{"count":0,"href":"https:\/\/www.modula.eu\/fr\/wp-json\/wp\/v2\/pages\/7961\/revisions"}],"wp:attachment":[{"href":"https:\/\/www.modula.eu\/fr\/wp-json\/wp\/v2\/media?parent=7961"}],"curies":[{"name":"wp","href":"https:\/\/api.w.org\/{rel}","templated":true}]}}

Modèle d&rsquo;organisation, de gestion et de contrôle et code d&rsquo;éthique

<!-- This site is optimized with the Yoast SEO plugin v27.4 - https://yoast.com/product/yoast-seo-wordpress/ -->
<title>Modèle d&#039;organisation, de gestion et de contrôle et code d&#039;éthique | Modula</title>
<meta name="description" content="Le Modèle d’organisation, de gestion et de contrôle de Modula S.p.A. comprend – comme élément essentiel et indérogeable – le « Code d’éthique », un outil à travers lequel les valeurs de Modula S.p.A." />
<meta name="robots" content="noindex, follow" />
<meta property="og:locale" content="fr_FR" />
<meta property="og:type" content="article" />
<meta property="og:title" content="Modèle d&#039;organisation, de gestion et de contrôle et code d&#039;éthique | Modula" />
<meta property="og:description" content="Le Modèle d’organisation, de gestion et de contrôle de Modula S.p.A. comprend – comme élément essentiel et indérogeable – le « Code d’éthique », un outil à travers lequel les valeurs de Modula S.p.A." />
<meta property="og:url" content="https://www.modula.eu/fr/modele-d-organisation-de-gestion-et-de-controle-et-code-d-ethique-de-modula/" />
<meta property="og:site_name" content="Modula" />
<meta property="article:modified_time" content="2025-04-14T13:39:04+00:00" />
<meta name="twitter:card" content="summary_large_image" />
<script type="application/ld+json" class="yoast-schema-graph">{"@context":"https:\/\/schema.org","@graph":[{"@type":"WebPage","@id":"https:\/\/www.modula.eu\/fr\/modele-d-organisation-de-gestion-et-de-controle-et-code-d-ethique-de-modula\/","url":"https:\/\/www.modula.eu\/fr\/modele-d-organisation-de-gestion-et-de-controle-et-code-d-ethique-de-modula\/","name":"Modèle d'organisation, de gestion et de contrôle et code d'éthique | Modula","isPartOf":{"@id":"https:\/\/www.modula.eu\/fr\/#website"},"datePublished":"2022-09-13T11:40:11+00:00","dateModified":"2025-04-14T13:39:04+00:00","description":"Le Modèle d’organisation, de gestion et de contrôle de Modula S.p.A. comprend – comme élément essentiel et indérogeable – le « Code d’éthique », un outil à travers lequel les valeurs de Modula S.p.A.","breadcrumb":{"@id":"https:\/\/www.modula.eu\/fr\/modele-d-organisation-de-gestion-et-de-controle-et-code-d-ethique-de-modula\/#breadcrumb"},"inLanguage":"fr-FR","potentialAction":[{"@type":"ReadAction","target":["https:\/\/www.modula.eu\/fr\/modele-d-organisation-de-gestion-et-de-controle-et-code-d-ethique-de-modula\/"]}]},{"@type":"BreadcrumbList","@id":"https:\/\/www.modula.eu\/fr\/modele-d-organisation-de-gestion-et-de-controle-et-code-d-ethique-de-modula\/#breadcrumb","itemListElement":[{"@type":"ListItem","position":1,"name":"Home","item":"https:\/\/www.modula.eu\/fr\/"},{"@type":"ListItem","position":2,"name":"Modèle d&rsquo;organisation, de gestion et de contrôle et code d&rsquo;éthique"}]},{"@type":"WebSite","@id":"https:\/\/www.modula.eu\/fr\/#website","url":"https:\/\/www.modula.eu\/fr\/","name":"Modula","description":"Think Vertical","publisher":{"@id":"https:\/\/www.modula.eu\/fr\/#organization"},"potentialAction":[{"@type":"SearchAction","target":{"@type":"EntryPoint","urlTemplate":"https:\/\/www.modula.eu\/fr\/?s={search_term_string}"},"query-input":{"@type":"PropertyValueSpecification","valueRequired":true,"valueName":"search_term_string"}}],"inLanguage":"fr-FR"},{"@type":"Organization","@id":"https:\/\/www.modula.eu\/fr\/#organization","name":"Modula","url":"https:\/\/www.modula.eu\/fr\/","logo":{"@type":"ImageObject","inLanguage":"fr-FR","@id":"https:\/\/www.modula.eu\/fr\/#\/schema\/logo\/image\/","url":"https:\/\/www.modula.eu\/wp-content\/uploads\/2022\/12\/Modula-logo.jpg","contentUrl":"https:\/\/www.modula.eu\/wp-content\/uploads\/2022\/12\/Modula-logo.jpg","width":759,"height":512,"caption":"Modula"},"image":{"@id":"https:\/\/www.modula.eu\/fr\/#\/schema\/logo\/image\/"}}]}</script>
<!-- / Yoast SEO plugin. -->

Modèle d'organisation, de gestion et de contrôle et code d'éthique | Modula

Le Modèle d’organisation, de gestion et de contrôle de Modula S.p.A. comprend – comme élément essentiel et indérogeable – le « Code d’éthique », un outil à travers lequel les valeurs de Modula S.p.A.
